{"id":2910,"date":"2025-01-24T07:56:36","date_gmt":"2025-01-24T07:56:36","guid":{"rendered":"https:\/\/quantum2025.org\/iyq-event\/meta-2025-la-15e-conference-internationale-sur-les-metamateriaux-les-cristaux-photoniques-et-la-plasmonique\/"},"modified":"2025-01-24T07:56:42","modified_gmt":"2025-01-24T07:56:42","slug":"meta-2025-la-15e-conference-internationale-sur-les-metamateriaux-les-cristaux-photoniques-et-la-plasmonique","status":"publish","type":"iyq-event","link":"https:\/\/quantum2025.org\/fr\/iyq-event\/meta-2025-la-15e-conference-internationale-sur-les-metamateriaux-les-cristaux-photoniques-et-la-plasmonique\/","title":{"rendered":"META 2025, la 15e conf\u00e9rence internationale sur les m\u00e9tamat\u00e9riaux, les cristaux photoniques et la plasmonique"},"content":{"rendered":"\n<p>META, la s\u00e9rie de conf\u00e9rences internationales sur les m\u00e9tamat\u00e9riaux, les cristaux photoniques et la plasmonique, pr\u00e9sente les derni\u00e8res avanc\u00e9es dans le domaine des m\u00e9tamat\u00e9riaux et de la nanophotonique. Cette conf\u00e9rence couvre un large \u00e9ventail de sujets, en mettant particuli\u00e8rement l&rsquo;accent sur les aspects quantiques, y compris la photonique quantique et ses applications. Les participants auront l&rsquo;occasion d&rsquo;explorer les d\u00e9veloppements innovants en mati\u00e8re d&rsquo;IA et d&rsquo;apprentissage automatique pour la conception de m\u00e9tamat\u00e9riaux, ainsi que la photonique topologique, les mat\u00e9riaux durables et la nanobiophotonique.  <\/p>\n","protected":false},"featured_media":0,"template":"","keywords":[],"class_list":["post-2910","iyq-event","type-iyq-event","status-publish","hentry"],"acf":[],"yoast_head":"<!-- This site is optimized with the Yoast SEO plugin v27.4 - https:\/\/yoast.com\/product\/yoast-seo-wordpress\/ -->\n<title>META 2025, la 15e conf\u00e9rence internationale sur les m\u00e9tamat\u00e9riaux, les cristaux photoniques et la plasmonique - IYQ 2025<\/title>\n<meta name=\"description\" content=\"META, la s\u00e9rie de conf\u00e9rences internationales sur les m\u00e9tamat\u00e9riaux, les cristaux photoniques et la plasmonique, pr\u00e9sente les derni\u00e8res avanc\u00e9es dans le domaine des m\u00e9tamat\u00e9riaux et de la nanophotonique. Cette conf\u00e9rence couvre un large \u00e9ventail de sujets, en mettant particuli\u00e8rement l&#039;accent sur les aspects quantiques, y compris la photonique quantique et ses applications. Les participants auront l&#039;occasion d&#039;explorer les d\u00e9veloppements innovants en mati\u00e8re d&#039;IA et d&#039;apprentissage automatique pour la conception de m\u00e9tamat\u00e9riaux, ainsi que la photonique topologique, les mat\u00e9riaux durables et la nanobiophotonique.\" \/>\n<meta name=\"robots\" content=\"index, follow, max-snippet:-1, max-image-preview:large, max-video-preview:-1\" \/>\n<meta property=\"og:locale\" content=\"fr_FR\" \/>\n<meta property=\"og:type\" content=\"article\" \/>\n<meta property=\"og:title\" content=\"META 2025, la 15e conf\u00e9rence internationale sur les m\u00e9tamat\u00e9riaux, les cristaux photoniques et la plasmonique - IYQ 2025\" \/>\n<meta property=\"og:description\" content=\"META, la s\u00e9rie de conf\u00e9rences internationales sur les m\u00e9tamat\u00e9riaux, les cristaux photoniques et la plasmonique, pr\u00e9sente les derni\u00e8res avanc\u00e9es dans le domaine des m\u00e9tamat\u00e9riaux et de la nanophotonique. Cette conf\u00e9rence couvre un large \u00e9ventail de sujets, en mettant particuli\u00e8rement l&#039;accent sur les aspects quantiques, y compris la photonique quantique et ses applications. Les participants auront l&#039;occasion d&#039;explorer les d\u00e9veloppements innovants en mati\u00e8re d&#039;IA et d&#039;apprentissage automatique pour la conception de m\u00e9tamat\u00e9riaux, ainsi que la photonique topologique, les mat\u00e9riaux durables et la nanobiophotonique.\" \/>\n<meta property=\"og:url\" content=\"https:\/\/quantum2025.org\/fr\/iyq-event\/meta-2025-la-15e-conference-internationale-sur-les-metamateriaux-les-cristaux-photoniques-et-la-plasmonique\/\" \/>\n<meta property=\"og:site_name\" content=\"IYQ 2025\" \/>\n<meta property=\"article:publisher\" content=\"https:\/\/www.facebook.com\/quantumyear2025\" \/>\n<meta property=\"article:modified_time\" content=\"2025-01-24T07:56:42+00:00\" \/>\n<meta name=\"twitter:card\" content=\"summary_large_image\" \/>\n<meta name=\"twitter:site\" content=\"@QuantumYear2025\" \/>\n<script type=\"application\/ld+json\" class=\"yoast-schema-graph\">{\"@context\":\"https:\\\/\\\/schema.org\",\"@graph\":[{\"@type\":\"WebPage\",\"@id\":\"https:\\\/\\\/quantum2025.org\\\/fr\\\/iyq-event\\\/meta-2025-la-15e-conference-internationale-sur-les-metamateriaux-les-cristaux-photoniques-et-la-plasmonique\\\/\",\"url\":\"https:\\\/\\\/quantum2025.org\\\/fr\\\/iyq-event\\\/meta-2025-la-15e-conference-internationale-sur-les-metamateriaux-les-cristaux-photoniques-et-la-plasmonique\\\/\",\"name\":\"META 2025, la 15e conf\u00e9rence internationale sur les m\u00e9tamat\u00e9riaux, les cristaux photoniques et la plasmonique - IYQ 2025\",\"isPartOf\":{\"@id\":\"https:\\\/\\\/quantum2025.org\\\/#website\"},\"datePublished\":\"2025-01-24T07:56:36+00:00\",\"dateModified\":\"2025-01-24T07:56:42+00:00\",\"description\":\"META, la s\u00e9rie de conf\u00e9rences internationales sur les m\u00e9tamat\u00e9riaux, les cristaux photoniques et la plasmonique, pr\u00e9sente les derni\u00e8res avanc\u00e9es dans le domaine des m\u00e9tamat\u00e9riaux et de la nanophotonique. Cette conf\u00e9rence couvre un large \u00e9ventail de sujets, en mettant particuli\u00e8rement l'accent sur les aspects quantiques, y compris la photonique quantique et ses applications. Les participants auront l'occasion d'explorer les d\u00e9veloppements innovants en mati\u00e8re d'IA et d'apprentissage automatique pour la conception de m\u00e9tamat\u00e9riaux, ainsi que la photonique topologique, les mat\u00e9riaux durables et la nanobiophotonique.\",\"breadcrumb\":{\"@id\":\"https:\\\/\\\/quantum2025.org\\\/fr\\\/iyq-event\\\/meta-2025-la-15e-conference-internationale-sur-les-metamateriaux-les-cristaux-photoniques-et-la-plasmonique\\\/#breadcrumb\"},\"inLanguage\":\"fr-FR\",\"potentialAction\":[{\"@type\":\"ReadAction\",\"target\":[\"https:\\\/\\\/quantum2025.org\\\/fr\\\/iyq-event\\\/meta-2025-la-15e-conference-internationale-sur-les-metamateriaux-les-cristaux-photoniques-et-la-plasmonique\\\/\"]}]},{\"@type\":\"BreadcrumbList\",\"@id\":\"https:\\\/\\\/quantum2025.org\\\/fr\\\/iyq-event\\\/meta-2025-la-15e-conference-internationale-sur-les-metamateriaux-les-cristaux-photoniques-et-la-plasmonique\\\/#breadcrumb\",\"itemListElement\":[{\"@type\":\"ListItem\",\"position\":1,\"name\":\"Home\",\"item\":\"https:\\\/\\\/quantum2025.org\\\/fr\\\/page-daccueil-2\\\/\"},{\"@type\":\"ListItem\",\"position\":2,\"name\":\"Events\",\"item\":\"https:\\\/\\\/quantum2025.org\\\/iyq-event\\\/\"},{\"@type\":\"ListItem\",\"position\":3,\"name\":\"META 2025, la 15e conf\u00e9rence internationale sur les m\u00e9tamat\u00e9riaux, les cristaux photoniques et la plasmonique\"}]},{\"@type\":\"WebSite\",\"@id\":\"https:\\\/\\\/quantum2025.org\\\/#website\",\"url\":\"https:\\\/\\\/quantum2025.org\\\/\",\"name\":\"IYQ 2025\",\"description\":\"International Year of Quantum\",\"potentialAction\":[{\"@type\":\"SearchAction\",\"target\":{\"@type\":\"EntryPoint\",\"urlTemplate\":\"https:\\\/\\\/quantum2025.org\\\/?s={search_term_string}\"},\"query-input\":{\"@type\":\"PropertyValueSpecification\",\"valueRequired\":true,\"valueName\":\"search_term_string\"}}],\"inLanguage\":\"fr-FR\"}]}<\/script>\n<!-- \/ Yoast SEO plugin. -->","yoast_head_json":{"title":"META 2025, la 15e conf\u00e9rence internationale sur les m\u00e9tamat\u00e9riaux, les cristaux photoniques et la plasmonique - IYQ 2025","description":"META, la s\u00e9rie de conf\u00e9rences internationales sur les m\u00e9tamat\u00e9riaux, les cristaux photoniques et la plasmonique, pr\u00e9sente les derni\u00e8res avanc\u00e9es dans le domaine des m\u00e9tamat\u00e9riaux et de la nanophotonique. Cette conf\u00e9rence couvre un large \u00e9ventail de sujets, en mettant particuli\u00e8rement l'accent sur les aspects quantiques, y compris la photonique quantique et ses applications. Les participants auront l'occasion d'explorer les d\u00e9veloppements innovants en mati\u00e8re d'IA et d'apprentissage automatique pour la conception de m\u00e9tamat\u00e9riaux, ainsi que la photonique topologique, les mat\u00e9riaux durables et la nanobiophotonique.","robots":{"index":"index","follow":"follow","max-snippet":"max-snippet:-1","max-image-preview":"max-image-preview:large","max-video-preview":"max-video-preview:-1"},"og_locale":"fr_FR","og_type":"article","og_title":"META 2025, la 15e conf\u00e9rence internationale sur les m\u00e9tamat\u00e9riaux, les cristaux photoniques et la plasmonique - IYQ 2025","og_description":"META, la s\u00e9rie de conf\u00e9rences internationales sur les m\u00e9tamat\u00e9riaux, les cristaux photoniques et la plasmonique, pr\u00e9sente les derni\u00e8res avanc\u00e9es dans le domaine des m\u00e9tamat\u00e9riaux et de la nanophotonique. Cette conf\u00e9rence couvre un large \u00e9ventail de sujets, en mettant particuli\u00e8rement l'accent sur les aspects quantiques, y compris la photonique quantique et ses applications. Les participants auront l'occasion d'explorer les d\u00e9veloppements innovants en mati\u00e8re d'IA et d'apprentissage automatique pour la conception de m\u00e9tamat\u00e9riaux, ainsi que la photonique topologique, les mat\u00e9riaux durables et la nanobiophotonique.","og_url":"https:\/\/quantum2025.org\/fr\/iyq-event\/meta-2025-la-15e-conference-internationale-sur-les-metamateriaux-les-cristaux-photoniques-et-la-plasmonique\/","og_site_name":"IYQ 2025","article_publisher":"https:\/\/www.facebook.com\/quantumyear2025","article_modified_time":"2025-01-24T07:56:42+00:00","twitter_card":"summary_large_image","twitter_site":"@QuantumYear2025","schema":{"@context":"https:\/\/schema.org","@graph":[{"@type":"WebPage","@id":"https:\/\/quantum2025.org\/fr\/iyq-event\/meta-2025-la-15e-conference-internationale-sur-les-metamateriaux-les-cristaux-photoniques-et-la-plasmonique\/","url":"https:\/\/quantum2025.org\/fr\/iyq-event\/meta-2025-la-15e-conference-internationale-sur-les-metamateriaux-les-cristaux-photoniques-et-la-plasmonique\/","name":"META 2025, la 15e conf\u00e9rence internationale sur les m\u00e9tamat\u00e9riaux, les cristaux photoniques et la plasmonique - IYQ 2025","isPartOf":{"@id":"https:\/\/quantum2025.org\/#website"},"datePublished":"2025-01-24T07:56:36+00:00","dateModified":"2025-01-24T07:56:42+00:00","description":"META, la s\u00e9rie de conf\u00e9rences internationales sur les m\u00e9tamat\u00e9riaux, les cristaux photoniques et la plasmonique, pr\u00e9sente les derni\u00e8res avanc\u00e9es dans le domaine des m\u00e9tamat\u00e9riaux et de la nanophotonique. Cette conf\u00e9rence couvre un large \u00e9ventail de sujets, en mettant particuli\u00e8rement l'accent sur les aspects quantiques, y compris la photonique quantique et ses applications. Les participants auront l'occasion d'explorer les d\u00e9veloppements innovants en mati\u00e8re d'IA et d'apprentissage automatique pour la conception de m\u00e9tamat\u00e9riaux, ainsi que la photonique topologique, les mat\u00e9riaux durables et la nanobiophotonique.","breadcrumb":{"@id":"https:\/\/quantum2025.org\/fr\/iyq-event\/meta-2025-la-15e-conference-internationale-sur-les-metamateriaux-les-cristaux-photoniques-et-la-plasmonique\/#breadcrumb"},"inLanguage":"fr-FR","potentialAction":[{"@type":"ReadAction","target":["https:\/\/quantum2025.org\/fr\/iyq-event\/meta-2025-la-15e-conference-internationale-sur-les-metamateriaux-les-cristaux-photoniques-et-la-plasmonique\/"]}]},{"@type":"BreadcrumbList","@id":"https:\/\/quantum2025.org\/fr\/iyq-event\/meta-2025-la-15e-conference-internationale-sur-les-metamateriaux-les-cristaux-photoniques-et-la-plasmonique\/#breadcrumb","itemListElement":[{"@type":"ListItem","position":1,"name":"Home","item":"https:\/\/quantum2025.org\/fr\/page-daccueil-2\/"},{"@type":"ListItem","position":2,"name":"Events","item":"https:\/\/quantum2025.org\/iyq-event\/"},{"@type":"ListItem","position":3,"name":"META 2025, la 15e conf\u00e9rence internationale sur les m\u00e9tamat\u00e9riaux, les cristaux photoniques et la plasmonique"}]},{"@type":"WebSite","@id":"https:\/\/quantum2025.org\/#website","url":"https:\/\/quantum2025.org\/","name":"IYQ 2025","description":"International Year of Quantum","potentialAction":[{"@type":"SearchAction","target":{"@type":"EntryPoint","urlTemplate":"https:\/\/quantum2025.org\/?s={search_term_string}"},"query-input":{"@type":"PropertyValueSpecification","valueRequired":true,"valueName":"search_term_string"}}],"inLanguage":"fr-FR"}]}},"_links":{"self":[{"href":"https:\/\/quantum2025.org\/fr\/wp-json\/wp\/v2\/iyq-event\/2910","targetHints":{"allow":["GET"]}}],"collection":[{"href":"https:\/\/quantum2025.org\/fr\/wp-json\/wp\/v2\/iyq-event"}],"about":[{"href":"https:\/\/quantum2025.org\/fr\/wp-json\/wp\/v2\/types\/iyq-event"}],"version-history":[{"count":0,"href":"https:\/\/quantum2025.org\/fr\/wp-json\/wp\/v2\/iyq-event\/2910\/revisions"}],"wp:attachment":[{"href":"https:\/\/quantum2025.org\/fr\/wp-json\/wp\/v2\/media?parent=2910"}],"wp:term":[{"taxonomy":"keywords","embeddable":true,"href":"https:\/\/quantum2025.org\/fr\/wp-json\/wp\/v2\/keywords?post=2910"}],"curies":[{"name":"wp","href":"https:\/\/api.w.org\/{rel}","templated":true}]}}

META 2025, la 15e conférence internationale sur les métamatériaux, les cristaux photoniques et la plasmonique

<p>META, la série de conférences internationales sur les métamatériaux, les cristaux photoniques et la plasmonique, présente les dernières avancées dans le domaine des métamatériaux et de la nanophotonique. Cette conférence couvre un large éventail de sujets, en mettant particulièrement l&rsquo;accent sur les aspects quantiques, y compris la photonique quantique et ses applications. Les participants auront l&rsquo;occasion d&rsquo;explorer les développements innovants en matière d&rsquo;IA et d&rsquo;apprentissage automatique pour la conception de métamatériaux, ainsi que la photonique topologique, les matériaux durables et la nanobiophotonique.  </p>

<!-- This site is optimized with the Yoast SEO plugin v27.4 - https://yoast.com/product/yoast-seo-wordpress/ -->
<title>META 2025, la 15e conférence internationale sur les métamatériaux, les cristaux photoniques et la plasmonique - IYQ 2025</title>
<meta name="description" content="META, la série de conférences internationales sur les métamatériaux, les cristaux photoniques et la plasmonique, présente les dernières avancées dans le domaine des métamatériaux et de la nanophotonique. Cette conférence couvre un large éventail de sujets, en mettant particulièrement l&#039;accent sur les aspects quantiques, y compris la photonique quantique et ses applications. Les participants auront l&#039;occasion d&#039;explorer les développements innovants en matière d&#039;IA et d&#039;apprentissage automatique pour la conception de métamatériaux, ainsi que la photonique topologique, les matériaux durables et la nanobiophotonique." />
<meta name="robots" content="index, follow, max-snippet:-1, max-image-preview:large, max-video-preview:-1" />
<meta property="og:locale" content="fr_FR" />
<meta property="og:type" content="article" />
<meta property="og:title" content="META 2025, la 15e conférence internationale sur les métamatériaux, les cristaux photoniques et la plasmonique - IYQ 2025" />
<meta property="og:description" content="META, la série de conférences internationales sur les métamatériaux, les cristaux photoniques et la plasmonique, présente les dernières avancées dans le domaine des métamatériaux et de la nanophotonique. Cette conférence couvre un large éventail de sujets, en mettant particulièrement l&#039;accent sur les aspects quantiques, y compris la photonique quantique et ses applications. Les participants auront l&#039;occasion d&#039;explorer les développements innovants en matière d&#039;IA et d&#039;apprentissage automatique pour la conception de métamatériaux, ainsi que la photonique topologique, les matériaux durables et la nanobiophotonique." />
<meta property="og:url" content="https://quantum2025.org/fr/iyq-event/meta-2025-la-15e-conference-internationale-sur-les-metamateriaux-les-cristaux-photoniques-et-la-plasmonique/" />
<meta property="og:site_name" content="IYQ 2025" />
<meta property="article:publisher" content="https://www.facebook.com/quantumyear2025" />
<meta property="article:modified_time" content="2025-01-24T07:56:42+00:00" />
<meta name="twitter:card" content="summary_large_image" />
<meta name="twitter:site" content="@QuantumYear2025" />
<script type="application/ld+json" class="yoast-schema-graph">{"@context":"https:\/\/schema.org","@graph":[{"@type":"WebPage","@id":"https:\/\/quantum2025.org\/fr\/iyq-event\/meta-2025-la-15e-conference-internationale-sur-les-metamateriaux-les-cristaux-photoniques-et-la-plasmonique\/","url":"https:\/\/quantum2025.org\/fr\/iyq-event\/meta-2025-la-15e-conference-internationale-sur-les-metamateriaux-les-cristaux-photoniques-et-la-plasmonique\/","name":"META 2025, la 15e conférence internationale sur les métamatériaux, les cristaux photoniques et la plasmonique - IYQ 2025","isPartOf":{"@id":"https:\/\/quantum2025.org\/#website"},"datePublished":"2025-01-24T07:56:36+00:00","dateModified":"2025-01-24T07:56:42+00:00","description":"META, la série de conférences internationales sur les métamatériaux, les cristaux photoniques et la plasmonique, présente les dernières avancées dans le domaine des métamatériaux et de la nanophotonique. Cette conférence couvre un large éventail de sujets, en mettant particulièrement l'accent sur les aspects quantiques, y compris la photonique quantique et ses applications. Les participants auront l'occasion d'explorer les développements innovants en matière d'IA et d'apprentissage automatique pour la conception de métamatériaux, ainsi que la photonique topologique, les matériaux durables et la nanobiophotonique.","breadcrumb":{"@id":"https:\/\/quantum2025.org\/fr\/iyq-event\/meta-2025-la-15e-conference-internationale-sur-les-metamateriaux-les-cristaux-photoniques-et-la-plasmonique\/#breadcrumb"},"inLanguage":"fr-FR","potentialAction":[{"@type":"ReadAction","target":["https:\/\/quantum2025.org\/fr\/iyq-event\/meta-2025-la-15e-conference-internationale-sur-les-metamateriaux-les-cristaux-photoniques-et-la-plasmonique\/"]}]},{"@type":"BreadcrumbList","@id":"https:\/\/quantum2025.org\/fr\/iyq-event\/meta-2025-la-15e-conference-internationale-sur-les-metamateriaux-les-cristaux-photoniques-et-la-plasmonique\/#breadcrumb","itemListElement":[{"@type":"ListItem","position":1,"name":"Home","item":"https:\/\/quantum2025.org\/fr\/page-daccueil-2\/"},{"@type":"ListItem","position":2,"name":"Events","item":"https:\/\/quantum2025.org\/iyq-event\/"},{"@type":"ListItem","position":3,"name":"META 2025, la 15e conférence internationale sur les métamatériaux, les cristaux photoniques et la plasmonique"}]},{"@type":"WebSite","@id":"https:\/\/quantum2025.org\/#website","url":"https:\/\/quantum2025.org\/","name":"IYQ 2025","description":"International Year of Quantum","potentialAction":[{"@type":"SearchAction","target":{"@type":"EntryPoint","urlTemplate":"https:\/\/quantum2025.org\/?s={search_term_string}"},"query-input":{"@type":"PropertyValueSpecification","valueRequired":true,"valueName":"search_term_string"}}],"inLanguage":"fr-FR"}]}</script>
<!-- / Yoast SEO plugin. -->

META 2025, la 15e conférence internationale sur les métamatériaux, les cristaux photoniques et la plasmonique - IYQ 2025

META, la série de conférences internationales sur les métamatériaux, les cristaux photoniques et la plasmonique, présente les dernières avancées dans le domaine des métamatériaux et de la nanophotonique. Cette conférence couvre un large éventail de sujets, en mettant particulièrement l'accent sur les aspects quantiques, y compris la photonique quantique et ses applications. Les participants auront l'occasion d'explorer les développements innovants en matière d'IA et d'apprentissage automatique pour la conception de métamatériaux, ainsi que la photonique topologique, les matériaux durables et la nanobiophotonique.
