{"id":2561,"date":"2025-01-21T06:35:54","date_gmt":"2025-01-21T06:35:54","guid":{"rendered":"https:\/\/quantum2025.org\/iyq-event\/jim-al-khalili-annee-internationale-des-quanta-conference-publique\/"},"modified":"2025-01-23T22:51:50","modified_gmt":"2025-01-23T22:51:50","slug":"jim-al-khalili-annee-internationale-des-quanta-conference-publique","status":"publish","type":"iyq-event","link":"https:\/\/quantum2025.org\/fr\/iyq-event\/jim-al-khalili-annee-internationale-des-quanta-conference-publique\/","title":{"rendered":"Jim Al-Khalili &#8211; Ann\u00e9e internationale des quanta &#8211; Conf\u00e9rence publique"},"content":{"rendered":"\n<p>Rejoignez l&rsquo;Institut de physique \u00e0 la Royal Institution pour une c\u00e9l\u00e9bration de la science et de la technologie quantiques avec l&rsquo;orateur principal, Jim Al-Khalili. Au Royaume-Uni, l&rsquo;Institute of Physics coordonnera la contribution britannique \u00e0 l&rsquo;ann\u00e9e au nom du gouvernement britannique. Cet \u00e9v\u00e9nement public sera une c\u00e9l\u00e9bration de tout ce qui est quantique au cours de l&rsquo;Ann\u00e9e internationale des sciences et technologies quantiques.  <\/p>\n","protected":false},"featured_media":0,"template":"","keywords":[],"class_list":["post-2561","iyq-event","type-iyq-event","status-publish","hentry"],"acf":[],"yoast_head":"<!-- This site is optimized with the Yoast SEO plugin v27.4 - https:\/\/yoast.com\/product\/yoast-seo-wordpress\/ -->\n<title>Jim Al-Khalili - Ann\u00e9e internationale des quanta - Conf\u00e9rence publique - IYQ 2025<\/title>\n<meta name=\"description\" content=\"Rejoignez l&#039;Institut de physique de la Royal Institution pour une c\u00e9l\u00e9bration de la science et de la technologie quantiques avec l&#039;orateur principal, Jim Al-Khalili.\" \/>\n<meta name=\"robots\" content=\"index, follow, max-snippet:-1, max-image-preview:large, max-video-preview:-1\" \/>\n<meta property=\"og:locale\" content=\"fr_FR\" \/>\n<meta property=\"og:type\" content=\"article\" \/>\n<meta property=\"og:title\" content=\"Jim Al-Khalili - Ann\u00e9e internationale des quanta - Conf\u00e9rence publique - IYQ 2025\" \/>\n<meta property=\"og:description\" content=\"Rejoignez l&#039;Institut de physique de la Royal Institution pour une c\u00e9l\u00e9bration de la science et de la technologie quantiques avec l&#039;orateur principal, Jim Al-Khalili.\" \/>\n<meta property=\"og:url\" content=\"https:\/\/quantum2025.org\/fr\/iyq-event\/jim-al-khalili-annee-internationale-des-quanta-conference-publique\/\" \/>\n<meta property=\"og:site_name\" content=\"IYQ 2025\" \/>\n<meta property=\"article:publisher\" content=\"https:\/\/www.facebook.com\/quantumyear2025\" \/>\n<meta property=\"article:modified_time\" content=\"2025-01-23T22:51:50+00:00\" \/>\n<meta name=\"twitter:card\" content=\"summary_large_image\" \/>\n<meta name=\"twitter:site\" content=\"@QuantumYear2025\" \/>\n<script type=\"application\/ld+json\" class=\"yoast-schema-graph\">{\"@context\":\"https:\\\/\\\/schema.org\",\"@graph\":[{\"@type\":\"WebPage\",\"@id\":\"https:\\\/\\\/quantum2025.org\\\/fr\\\/iyq-event\\\/jim-al-khalili-annee-internationale-des-quanta-conference-publique\\\/\",\"url\":\"https:\\\/\\\/quantum2025.org\\\/fr\\\/iyq-event\\\/jim-al-khalili-annee-internationale-des-quanta-conference-publique\\\/\",\"name\":\"Jim Al-Khalili - Ann\u00e9e internationale des quanta - Conf\u00e9rence publique - IYQ 2025\",\"isPartOf\":{\"@id\":\"https:\\\/\\\/quantum2025.org\\\/#website\"},\"datePublished\":\"2025-01-21T06:35:54+00:00\",\"dateModified\":\"2025-01-23T22:51:50+00:00\",\"description\":\"Rejoignez l'Institut de physique de la Royal Institution pour une c\u00e9l\u00e9bration de la science et de la technologie quantiques avec l'orateur principal, Jim Al-Khalili.\",\"breadcrumb\":{\"@id\":\"https:\\\/\\\/quantum2025.org\\\/fr\\\/iyq-event\\\/jim-al-khalili-annee-internationale-des-quanta-conference-publique\\\/#breadcrumb\"},\"inLanguage\":\"fr-FR\",\"potentialAction\":[{\"@type\":\"ReadAction\",\"target\":[\"https:\\\/\\\/quantum2025.org\\\/fr\\\/iyq-event\\\/jim-al-khalili-annee-internationale-des-quanta-conference-publique\\\/\"]}]},{\"@type\":\"BreadcrumbList\",\"@id\":\"https:\\\/\\\/quantum2025.org\\\/fr\\\/iyq-event\\\/jim-al-khalili-annee-internationale-des-quanta-conference-publique\\\/#breadcrumb\",\"itemListElement\":[{\"@type\":\"ListItem\",\"position\":1,\"name\":\"Home\",\"item\":\"https:\\\/\\\/quantum2025.org\\\/fr\\\/page-daccueil-2\\\/\"},{\"@type\":\"ListItem\",\"position\":2,\"name\":\"Events\",\"item\":\"https:\\\/\\\/quantum2025.org\\\/iyq-event\\\/\"},{\"@type\":\"ListItem\",\"position\":3,\"name\":\"Jim Al-Khalili &#8211; Ann\u00e9e internationale des quanta &#8211; Conf\u00e9rence publique\"}]},{\"@type\":\"WebSite\",\"@id\":\"https:\\\/\\\/quantum2025.org\\\/#website\",\"url\":\"https:\\\/\\\/quantum2025.org\\\/\",\"name\":\"IYQ 2025\",\"description\":\"International Year of Quantum\",\"potentialAction\":[{\"@type\":\"SearchAction\",\"target\":{\"@type\":\"EntryPoint\",\"urlTemplate\":\"https:\\\/\\\/quantum2025.org\\\/?s={search_term_string}\"},\"query-input\":{\"@type\":\"PropertyValueSpecification\",\"valueRequired\":true,\"valueName\":\"search_term_string\"}}],\"inLanguage\":\"fr-FR\"}]}<\/script>\n<!-- \/ Yoast SEO plugin. -->","yoast_head_json":{"title":"Jim Al-Khalili - Ann\u00e9e internationale des quanta - Conf\u00e9rence publique - IYQ 2025","description":"Rejoignez l'Institut de physique de la Royal Institution pour une c\u00e9l\u00e9bration de la science et de la technologie quantiques avec l'orateur principal, Jim Al-Khalili.","robots":{"index":"index","follow":"follow","max-snippet":"max-snippet:-1","max-image-preview":"max-image-preview:large","max-video-preview":"max-video-preview:-1"},"og_locale":"fr_FR","og_type":"article","og_title":"Jim Al-Khalili - Ann\u00e9e internationale des quanta - Conf\u00e9rence publique - IYQ 2025","og_description":"Rejoignez l'Institut de physique de la Royal Institution pour une c\u00e9l\u00e9bration de la science et de la technologie quantiques avec l'orateur principal, Jim Al-Khalili.","og_url":"https:\/\/quantum2025.org\/fr\/iyq-event\/jim-al-khalili-annee-internationale-des-quanta-conference-publique\/","og_site_name":"IYQ 2025","article_publisher":"https:\/\/www.facebook.com\/quantumyear2025","article_modified_time":"2025-01-23T22:51:50+00:00","twitter_card":"summary_large_image","twitter_site":"@QuantumYear2025","schema":{"@context":"https:\/\/schema.org","@graph":[{"@type":"WebPage","@id":"https:\/\/quantum2025.org\/fr\/iyq-event\/jim-al-khalili-annee-internationale-des-quanta-conference-publique\/","url":"https:\/\/quantum2025.org\/fr\/iyq-event\/jim-al-khalili-annee-internationale-des-quanta-conference-publique\/","name":"Jim Al-Khalili - Ann\u00e9e internationale des quanta - Conf\u00e9rence publique - IYQ 2025","isPartOf":{"@id":"https:\/\/quantum2025.org\/#website"},"datePublished":"2025-01-21T06:35:54+00:00","dateModified":"2025-01-23T22:51:50+00:00","description":"Rejoignez l'Institut de physique de la Royal Institution pour une c\u00e9l\u00e9bration de la science et de la technologie quantiques avec l'orateur principal, Jim Al-Khalili.","breadcrumb":{"@id":"https:\/\/quantum2025.org\/fr\/iyq-event\/jim-al-khalili-annee-internationale-des-quanta-conference-publique\/#breadcrumb"},"inLanguage":"fr-FR","potentialAction":[{"@type":"ReadAction","target":["https:\/\/quantum2025.org\/fr\/iyq-event\/jim-al-khalili-annee-internationale-des-quanta-conference-publique\/"]}]},{"@type":"BreadcrumbList","@id":"https:\/\/quantum2025.org\/fr\/iyq-event\/jim-al-khalili-annee-internationale-des-quanta-conference-publique\/#breadcrumb","itemListElement":[{"@type":"ListItem","position":1,"name":"Home","item":"https:\/\/quantum2025.org\/fr\/page-daccueil-2\/"},{"@type":"ListItem","position":2,"name":"Events","item":"https:\/\/quantum2025.org\/iyq-event\/"},{"@type":"ListItem","position":3,"name":"Jim Al-Khalili &#8211; Ann\u00e9e internationale des quanta &#8211; Conf\u00e9rence publique"}]},{"@type":"WebSite","@id":"https:\/\/quantum2025.org\/#website","url":"https:\/\/quantum2025.org\/","name":"IYQ 2025","description":"International Year of Quantum","potentialAction":[{"@type":"SearchAction","target":{"@type":"EntryPoint","urlTemplate":"https:\/\/quantum2025.org\/?s={search_term_string}"},"query-input":{"@type":"PropertyValueSpecification","valueRequired":true,"valueName":"search_term_string"}}],"inLanguage":"fr-FR"}]}},"_links":{"self":[{"href":"https:\/\/quantum2025.org\/fr\/wp-json\/wp\/v2\/iyq-event\/2561","targetHints":{"allow":["GET"]}}],"collection":[{"href":"https:\/\/quantum2025.org\/fr\/wp-json\/wp\/v2\/iyq-event"}],"about":[{"href":"https:\/\/quantum2025.org\/fr\/wp-json\/wp\/v2\/types\/iyq-event"}],"version-history":[{"count":0,"href":"https:\/\/quantum2025.org\/fr\/wp-json\/wp\/v2\/iyq-event\/2561\/revisions"}],"wp:attachment":[{"href":"https:\/\/quantum2025.org\/fr\/wp-json\/wp\/v2\/media?parent=2561"}],"wp:term":[{"taxonomy":"keywords","embeddable":true,"href":"https:\/\/quantum2025.org\/fr\/wp-json\/wp\/v2\/keywords?post=2561"}],"curies":[{"name":"wp","href":"https:\/\/api.w.org\/{rel}","templated":true}]}}

Jim Al-Khalili &#8211; Année internationale des quanta &#8211; Conférence publique

<p>Rejoignez l&rsquo;Institut de physique à la Royal Institution pour une célébration de la science et de la technologie quantiques avec l&rsquo;orateur principal, Jim Al-Khalili. Au Royaume-Uni, l&rsquo;Institute of Physics coordonnera la contribution britannique à l&rsquo;année au nom du gouvernement britannique. Cet événement public sera une célébration de tout ce qui est quantique au cours de l&rsquo;Année internationale des sciences et technologies quantiques.  </p>

<!-- This site is optimized with the Yoast SEO plugin v27.4 - https://yoast.com/product/yoast-seo-wordpress/ -->
<title>Jim Al-Khalili - Année internationale des quanta - Conférence publique - IYQ 2025</title>
<meta name="description" content="Rejoignez l&#039;Institut de physique de la Royal Institution pour une célébration de la science et de la technologie quantiques avec l&#039;orateur principal, Jim Al-Khalili." />
<meta name="robots" content="index, follow, max-snippet:-1, max-image-preview:large, max-video-preview:-1" />
<meta property="og:locale" content="fr_FR" />
<meta property="og:type" content="article" />
<meta property="og:title" content="Jim Al-Khalili - Année internationale des quanta - Conférence publique - IYQ 2025" />
<meta property="og:description" content="Rejoignez l&#039;Institut de physique de la Royal Institution pour une célébration de la science et de la technologie quantiques avec l&#039;orateur principal, Jim Al-Khalili." />
<meta property="og:url" content="https://quantum2025.org/fr/iyq-event/jim-al-khalili-annee-internationale-des-quanta-conference-publique/" />
<meta property="og:site_name" content="IYQ 2025" />
<meta property="article:publisher" content="https://www.facebook.com/quantumyear2025" />
<meta property="article:modified_time" content="2025-01-23T22:51:50+00:00" />
<meta name="twitter:card" content="summary_large_image" />
<meta name="twitter:site" content="@QuantumYear2025" />
<script type="application/ld+json" class="yoast-schema-graph">{"@context":"https:\/\/schema.org","@graph":[{"@type":"WebPage","@id":"https:\/\/quantum2025.org\/fr\/iyq-event\/jim-al-khalili-annee-internationale-des-quanta-conference-publique\/","url":"https:\/\/quantum2025.org\/fr\/iyq-event\/jim-al-khalili-annee-internationale-des-quanta-conference-publique\/","name":"Jim Al-Khalili - Année internationale des quanta - Conférence publique - IYQ 2025","isPartOf":{"@id":"https:\/\/quantum2025.org\/#website"},"datePublished":"2025-01-21T06:35:54+00:00","dateModified":"2025-01-23T22:51:50+00:00","description":"Rejoignez l'Institut de physique de la Royal Institution pour une célébration de la science et de la technologie quantiques avec l'orateur principal, Jim Al-Khalili.","breadcrumb":{"@id":"https:\/\/quantum2025.org\/fr\/iyq-event\/jim-al-khalili-annee-internationale-des-quanta-conference-publique\/#breadcrumb"},"inLanguage":"fr-FR","potentialAction":[{"@type":"ReadAction","target":["https:\/\/quantum2025.org\/fr\/iyq-event\/jim-al-khalili-annee-internationale-des-quanta-conference-publique\/"]}]},{"@type":"BreadcrumbList","@id":"https:\/\/quantum2025.org\/fr\/iyq-event\/jim-al-khalili-annee-internationale-des-quanta-conference-publique\/#breadcrumb","itemListElement":[{"@type":"ListItem","position":1,"name":"Home","item":"https:\/\/quantum2025.org\/fr\/page-daccueil-2\/"},{"@type":"ListItem","position":2,"name":"Events","item":"https:\/\/quantum2025.org\/iyq-event\/"},{"@type":"ListItem","position":3,"name":"Jim Al-Khalili &#8211; Année internationale des quanta &#8211; Conférence publique"}]},{"@type":"WebSite","@id":"https:\/\/quantum2025.org\/#website","url":"https:\/\/quantum2025.org\/","name":"IYQ 2025","description":"International Year of Quantum","potentialAction":[{"@type":"SearchAction","target":{"@type":"EntryPoint","urlTemplate":"https:\/\/quantum2025.org\/?s={search_term_string}"},"query-input":{"@type":"PropertyValueSpecification","valueRequired":true,"valueName":"search_term_string"}}],"inLanguage":"fr-FR"}]}</script>
<!-- / Yoast SEO plugin. -->

Jim Al-Khalili - Année internationale des quanta - Conférence publique - IYQ 2025

Rejoignez l'Institut de physique de la Royal Institution pour une célébration de la science et de la technologie quantiques avec l'orateur principal, Jim Al-Khalili.
