{"id":2467,"date":"2025-01-13T21:06:32","date_gmt":"2025-01-13T21:06:32","guid":{"rendered":"https:\/\/quantum2025.org\/iyq-event\/lecture-de-the-trial-of-the-photon-ecrit-par-le-professeur-sin-itiro-tomonaga\/"},"modified":"2025-01-21T15:42:52","modified_gmt":"2025-01-21T15:42:52","slug":"lecture-de-the-trial-of-the-photon-ecrit-par-le-professeur-sin-itiro-tomonaga","status":"publish","type":"iyq-event","link":"https:\/\/quantum2025.org\/fr\/iyq-event\/lecture-de-the-trial-of-the-photon-ecrit-par-le-professeur-sin-itiro-tomonaga\/","title":{"rendered":"Lecture de \u00ab\u00a0The Trial of the Photon\u00a0\u00bb \u00e9crit par le professeur Sin-Itiro Tomonaga"},"content":{"rendered":"\n<p><span data-sheets-root=\"1\" style=\"white-space: normal; font-size: 10pt; font-family: Arial;\">Le professeur Sin-Itiro Tomonaga, laur\u00e9at du prix Nobel de physique et professeur \u00e9m\u00e9rite \u00e0 l&rsquo;universit\u00e9 d&rsquo;\u00e9ducation de Tokyo, pr\u00e9d\u00e9cesseur de l&rsquo;universit\u00e9 de Tsukuba, a \u00e9crit un court drame judiciaire intitul\u00e9 \u00ab\u00a0Le proc\u00e8s du photon\u00a0\u00bb. Le personnage principal est \u00ab\u00a0Mitsuko Namino (\u6ce2\u4e43\u5149\u5b50)\u00a0\u00bb, ce qui se traduit directement par \u00ab\u00a0l&rsquo;onde est un photon\u00a0\u00bb. Elle affirme : \u00ab\u00a0Je suis entr\u00e9e dans la pi\u00e8ce par les deux fen\u00eatres \u00e0 la fois\u00a0\u00bb. Cette affirmation n&rsquo;est pas tr\u00e8s orthodoxe, mais l&rsquo;avocat de la d\u00e9fense insiste sur le fait qu&rsquo;elle est vraie !    <\/span><\/p>\n\n<p><span data-sheets-root=\"1\" style=\"white-space: normal; font-size: 10pt; font-family: Arial;\">Que pensait et ressentait \u00ab\u00a0Mitsuko Namino (\u6ce2\u4e43\u5149\u5b50)\u00a0\u00bb, la plus petite unit\u00e9 de lumi\u00e8re, le \u00ab\u00a0photon\u00a0\u00bb ? Pourquoi ne pas faire l&rsquo;exp\u00e9rience d&rsquo;une tranche d&rsquo;\u00e9merveillement en lisant cette pi\u00e8ce (script) \u00e0 haute voix et en la savourant ensemble ? <\/span><\/p>\n\n<p><\/p>\n","protected":false},"featured_media":0,"template":"","keywords":[],"class_list":["post-2467","iyq-event","type-iyq-event","status-publish","hentry"],"acf":[],"yoast_head":"<!-- This site is optimized with the Yoast SEO plugin v27.4 - https:\/\/yoast.com\/product\/yoast-seo-wordpress\/ -->\n<title>Lecture de &quot;The Trial of the Photon&quot; \u00e9crit par le professeur Sin-Itiro Tomonaga - IYQ 2025<\/title>\n<meta name=\"robots\" content=\"index, follow, max-snippet:-1, max-image-preview:large, max-video-preview:-1\" \/>\n<meta property=\"og:locale\" content=\"fr_FR\" \/>\n<meta property=\"og:type\" content=\"article\" \/>\n<meta property=\"og:title\" content=\"Lecture de &quot;The Trial of the Photon&quot; \u00e9crit par le professeur Sin-Itiro Tomonaga - IYQ 2025\" \/>\n<meta property=\"og:description\" content=\"Le professeur Sin-Itiro Tomonaga, laur\u00e9at du prix Nobel de physique et professeur \u00e9m\u00e9rite \u00e0 l&rsquo;universit\u00e9 d&rsquo;\u00e9ducation de Tokyo, pr\u00e9d\u00e9cesseur de l&rsquo;universit\u00e9 de Tsukuba, a \u00e9crit un court drame judiciaire intitul\u00e9 \u00ab\u00a0Le proc\u00e8s du photon\u00a0\u00bb. Le personnage principal est \u00ab\u00a0Mitsuko Namino (\u6ce2\u4e43\u5149\u5b50)\u00a0\u00bb, ce qui se traduit directement par \u00ab\u00a0l&rsquo;onde est un photon\u00a0\u00bb. Elle affirme : \u00ab\u00a0Je [&hellip;]\" \/>\n<meta property=\"og:url\" content=\"https:\/\/quantum2025.org\/fr\/iyq-event\/lecture-de-the-trial-of-the-photon-ecrit-par-le-professeur-sin-itiro-tomonaga\/\" \/>\n<meta property=\"og:site_name\" content=\"IYQ 2025\" \/>\n<meta property=\"article:publisher\" content=\"https:\/\/www.facebook.com\/quantumyear2025\" \/>\n<meta property=\"article:modified_time\" content=\"2025-01-21T15:42:52+00:00\" \/>\n<meta name=\"twitter:card\" content=\"summary_large_image\" \/>\n<meta name=\"twitter:site\" content=\"@QuantumYear2025\" \/>\n<meta name=\"twitter:label1\" content=\"Est. reading time\" \/>\n\t<meta name=\"twitter:data1\" content=\"1 minute\" \/>\n<script type=\"application\/ld+json\" class=\"yoast-schema-graph\">{\"@context\":\"https:\\\/\\\/schema.org\",\"@graph\":[{\"@type\":\"WebPage\",\"@id\":\"https:\\\/\\\/quantum2025.org\\\/fr\\\/iyq-event\\\/lecture-de-the-trial-of-the-photon-ecrit-par-le-professeur-sin-itiro-tomonaga\\\/\",\"url\":\"https:\\\/\\\/quantum2025.org\\\/fr\\\/iyq-event\\\/lecture-de-the-trial-of-the-photon-ecrit-par-le-professeur-sin-itiro-tomonaga\\\/\",\"name\":\"Lecture de \\\"The Trial of the Photon\\\" \u00e9crit par le professeur Sin-Itiro Tomonaga - IYQ 2025\",\"isPartOf\":{\"@id\":\"https:\\\/\\\/quantum2025.org\\\/#website\"},\"datePublished\":\"2025-01-13T21:06:32+00:00\",\"dateModified\":\"2025-01-21T15:42:52+00:00\",\"breadcrumb\":{\"@id\":\"https:\\\/\\\/quantum2025.org\\\/fr\\\/iyq-event\\\/lecture-de-the-trial-of-the-photon-ecrit-par-le-professeur-sin-itiro-tomonaga\\\/#breadcrumb\"},\"inLanguage\":\"fr-FR\",\"potentialAction\":[{\"@type\":\"ReadAction\",\"target\":[\"https:\\\/\\\/quantum2025.org\\\/fr\\\/iyq-event\\\/lecture-de-the-trial-of-the-photon-ecrit-par-le-professeur-sin-itiro-tomonaga\\\/\"]}]},{\"@type\":\"BreadcrumbList\",\"@id\":\"https:\\\/\\\/quantum2025.org\\\/fr\\\/iyq-event\\\/lecture-de-the-trial-of-the-photon-ecrit-par-le-professeur-sin-itiro-tomonaga\\\/#breadcrumb\",\"itemListElement\":[{\"@type\":\"ListItem\",\"position\":1,\"name\":\"Home\",\"item\":\"https:\\\/\\\/quantum2025.org\\\/fr\\\/page-daccueil-2\\\/\"},{\"@type\":\"ListItem\",\"position\":2,\"name\":\"Events\",\"item\":\"https:\\\/\\\/quantum2025.org\\\/iyq-event\\\/\"},{\"@type\":\"ListItem\",\"position\":3,\"name\":\"Lecture de \u00ab\u00a0The Trial of the Photon\u00a0\u00bb \u00e9crit par le professeur Sin-Itiro Tomonaga\"}]},{\"@type\":\"WebSite\",\"@id\":\"https:\\\/\\\/quantum2025.org\\\/#website\",\"url\":\"https:\\\/\\\/quantum2025.org\\\/\",\"name\":\"IYQ 2025\",\"description\":\"International Year of Quantum\",\"potentialAction\":[{\"@type\":\"SearchAction\",\"target\":{\"@type\":\"EntryPoint\",\"urlTemplate\":\"https:\\\/\\\/quantum2025.org\\\/?s={search_term_string}\"},\"query-input\":{\"@type\":\"PropertyValueSpecification\",\"valueRequired\":true,\"valueName\":\"search_term_string\"}}],\"inLanguage\":\"fr-FR\"}]}<\/script>\n<!-- \/ Yoast SEO plugin. -->","yoast_head_json":{"title":"Lecture de \"The Trial of the Photon\" \u00e9crit par le professeur Sin-Itiro Tomonaga - IYQ 2025","robots":{"index":"index","follow":"follow","max-snippet":"max-snippet:-1","max-image-preview":"max-image-preview:large","max-video-preview":"max-video-preview:-1"},"og_locale":"fr_FR","og_type":"article","og_title":"Lecture de \"The Trial of the Photon\" \u00e9crit par le professeur Sin-Itiro Tomonaga - IYQ 2025","og_description":"Le professeur Sin-Itiro Tomonaga, laur\u00e9at du prix Nobel de physique et professeur \u00e9m\u00e9rite \u00e0 l&rsquo;universit\u00e9 d&rsquo;\u00e9ducation de Tokyo, pr\u00e9d\u00e9cesseur de l&rsquo;universit\u00e9 de Tsukuba, a \u00e9crit un court drame judiciaire intitul\u00e9 \u00ab\u00a0Le proc\u00e8s du photon\u00a0\u00bb. Le personnage principal est \u00ab\u00a0Mitsuko Namino (\u6ce2\u4e43\u5149\u5b50)\u00a0\u00bb, ce qui se traduit directement par \u00ab\u00a0l&rsquo;onde est un photon\u00a0\u00bb. Elle affirme : \u00ab\u00a0Je [&hellip;]","og_url":"https:\/\/quantum2025.org\/fr\/iyq-event\/lecture-de-the-trial-of-the-photon-ecrit-par-le-professeur-sin-itiro-tomonaga\/","og_site_name":"IYQ 2025","article_publisher":"https:\/\/www.facebook.com\/quantumyear2025","article_modified_time":"2025-01-21T15:42:52+00:00","twitter_card":"summary_large_image","twitter_site":"@QuantumYear2025","twitter_misc":{"Est. reading time":"1 minute"},"schema":{"@context":"https:\/\/schema.org","@graph":[{"@type":"WebPage","@id":"https:\/\/quantum2025.org\/fr\/iyq-event\/lecture-de-the-trial-of-the-photon-ecrit-par-le-professeur-sin-itiro-tomonaga\/","url":"https:\/\/quantum2025.org\/fr\/iyq-event\/lecture-de-the-trial-of-the-photon-ecrit-par-le-professeur-sin-itiro-tomonaga\/","name":"Lecture de \"The Trial of the Photon\" \u00e9crit par le professeur Sin-Itiro Tomonaga - IYQ 2025","isPartOf":{"@id":"https:\/\/quantum2025.org\/#website"},"datePublished":"2025-01-13T21:06:32+00:00","dateModified":"2025-01-21T15:42:52+00:00","breadcrumb":{"@id":"https:\/\/quantum2025.org\/fr\/iyq-event\/lecture-de-the-trial-of-the-photon-ecrit-par-le-professeur-sin-itiro-tomonaga\/#breadcrumb"},"inLanguage":"fr-FR","potentialAction":[{"@type":"ReadAction","target":["https:\/\/quantum2025.org\/fr\/iyq-event\/lecture-de-the-trial-of-the-photon-ecrit-par-le-professeur-sin-itiro-tomonaga\/"]}]},{"@type":"BreadcrumbList","@id":"https:\/\/quantum2025.org\/fr\/iyq-event\/lecture-de-the-trial-of-the-photon-ecrit-par-le-professeur-sin-itiro-tomonaga\/#breadcrumb","itemListElement":[{"@type":"ListItem","position":1,"name":"Home","item":"https:\/\/quantum2025.org\/fr\/page-daccueil-2\/"},{"@type":"ListItem","position":2,"name":"Events","item":"https:\/\/quantum2025.org\/iyq-event\/"},{"@type":"ListItem","position":3,"name":"Lecture de \u00ab\u00a0The Trial of the Photon\u00a0\u00bb \u00e9crit par le professeur Sin-Itiro Tomonaga"}]},{"@type":"WebSite","@id":"https:\/\/quantum2025.org\/#website","url":"https:\/\/quantum2025.org\/","name":"IYQ 2025","description":"International Year of Quantum","potentialAction":[{"@type":"SearchAction","target":{"@type":"EntryPoint","urlTemplate":"https:\/\/quantum2025.org\/?s={search_term_string}"},"query-input":{"@type":"PropertyValueSpecification","valueRequired":true,"valueName":"search_term_string"}}],"inLanguage":"fr-FR"}]}},"_links":{"self":[{"href":"https:\/\/quantum2025.org\/fr\/wp-json\/wp\/v2\/iyq-event\/2467","targetHints":{"allow":["GET"]}}],"collection":[{"href":"https:\/\/quantum2025.org\/fr\/wp-json\/wp\/v2\/iyq-event"}],"about":[{"href":"https:\/\/quantum2025.org\/fr\/wp-json\/wp\/v2\/types\/iyq-event"}],"version-history":[{"count":0,"href":"https:\/\/quantum2025.org\/fr\/wp-json\/wp\/v2\/iyq-event\/2467\/revisions"}],"wp:attachment":[{"href":"https:\/\/quantum2025.org\/fr\/wp-json\/wp\/v2\/media?parent=2467"}],"wp:term":[{"taxonomy":"keywords","embeddable":true,"href":"https:\/\/quantum2025.org\/fr\/wp-json\/wp\/v2\/keywords?post=2467"}],"curies":[{"name":"wp","href":"https:\/\/api.w.org\/{rel}","templated":true}]}}

Lecture de « The Trial of the Photon » écrit par le professeur Sin-Itiro Tomonaga

<p><span data-sheets-root="1" style="white-space: normal; font-size: 10pt; font-family: Arial;">Le professeur Sin-Itiro Tomonaga, lauréat du prix Nobel de physique et professeur émérite à l&rsquo;université d&rsquo;éducation de Tokyo, prédécesseur de l&rsquo;université de Tsukuba, a écrit un court drame judiciaire intitulé « Le procès du photon ». Le personnage principal est « Mitsuko Namino (波乃光子) », ce qui se traduit directement par « l&rsquo;onde est un photon ». Elle affirme : « Je suis entrée dans la pièce par les deux fenêtres à la fois ». Cette affirmation n&rsquo;est pas très orthodoxe, mais l&rsquo;avocat de la défense insiste sur le fait qu&rsquo;elle est vraie !    </span></p>

<p><span data-sheets-root="1" style="white-space: normal; font-size: 10pt; font-family: Arial;">Que pensait et ressentait « Mitsuko Namino (波乃光子) », la plus petite unité de lumière, le « photon » ? Pourquoi ne pas faire l&rsquo;expérience d&rsquo;une tranche d&rsquo;émerveillement en lisant cette pièce (script) à haute voix et en la savourant ensemble ? </span></p>

<p></p>

<!-- This site is optimized with the Yoast SEO plugin v27.4 - https://yoast.com/product/yoast-seo-wordpress/ -->
<title>Lecture de &quot;The Trial of the Photon&quot; écrit par le professeur Sin-Itiro Tomonaga - IYQ 2025</title>
<meta name="robots" content="index, follow, max-snippet:-1, max-image-preview:large, max-video-preview:-1" />
<meta property="og:locale" content="fr_FR" />
<meta property="og:type" content="article" />
<meta property="og:title" content="Lecture de &quot;The Trial of the Photon&quot; écrit par le professeur Sin-Itiro Tomonaga - IYQ 2025" />
<meta property="og:description" content="Le professeur Sin-Itiro Tomonaga, lauréat du prix Nobel de physique et professeur émérite à l&rsquo;université d&rsquo;éducation de Tokyo, prédécesseur de l&rsquo;université de Tsukuba, a écrit un court drame judiciaire intitulé « Le procès du photon ». Le personnage principal est « Mitsuko Namino (波乃光子) », ce qui se traduit directement par « l&rsquo;onde est un photon ». Elle affirme : « Je [&hellip;]" />
<meta property="og:url" content="https://quantum2025.org/fr/iyq-event/lecture-de-the-trial-of-the-photon-ecrit-par-le-professeur-sin-itiro-tomonaga/" />
<meta property="og:site_name" content="IYQ 2025" />
<meta property="article:publisher" content="https://www.facebook.com/quantumyear2025" />
<meta property="article:modified_time" content="2025-01-21T15:42:52+00:00" />
<meta name="twitter:card" content="summary_large_image" />
<meta name="twitter:site" content="@QuantumYear2025" />
<meta name="twitter:label1" content="Est. reading time" />
	<meta name="twitter:data1" content="1 minute" />
<script type="application/ld+json" class="yoast-schema-graph">{"@context":"https:\/\/schema.org","@graph":[{"@type":"WebPage","@id":"https:\/\/quantum2025.org\/fr\/iyq-event\/lecture-de-the-trial-of-the-photon-ecrit-par-le-professeur-sin-itiro-tomonaga\/","url":"https:\/\/quantum2025.org\/fr\/iyq-event\/lecture-de-the-trial-of-the-photon-ecrit-par-le-professeur-sin-itiro-tomonaga\/","name":"Lecture de \"The Trial of the Photon\" écrit par le professeur Sin-Itiro Tomonaga - IYQ 2025","isPartOf":{"@id":"https:\/\/quantum2025.org\/#website"},"datePublished":"2025-01-13T21:06:32+00:00","dateModified":"2025-01-21T15:42:52+00:00","breadcrumb":{"@id":"https:\/\/quantum2025.org\/fr\/iyq-event\/lecture-de-the-trial-of-the-photon-ecrit-par-le-professeur-sin-itiro-tomonaga\/#breadcrumb"},"inLanguage":"fr-FR","potentialAction":[{"@type":"ReadAction","target":["https:\/\/quantum2025.org\/fr\/iyq-event\/lecture-de-the-trial-of-the-photon-ecrit-par-le-professeur-sin-itiro-tomonaga\/"]}]},{"@type":"BreadcrumbList","@id":"https:\/\/quantum2025.org\/fr\/iyq-event\/lecture-de-the-trial-of-the-photon-ecrit-par-le-professeur-sin-itiro-tomonaga\/#breadcrumb","itemListElement":[{"@type":"ListItem","position":1,"name":"Home","item":"https:\/\/quantum2025.org\/fr\/page-daccueil-2\/"},{"@type":"ListItem","position":2,"name":"Events","item":"https:\/\/quantum2025.org\/iyq-event\/"},{"@type":"ListItem","position":3,"name":"Lecture de « The Trial of the Photon » écrit par le professeur Sin-Itiro Tomonaga"}]},{"@type":"WebSite","@id":"https:\/\/quantum2025.org\/#website","url":"https:\/\/quantum2025.org\/","name":"IYQ 2025","description":"International Year of Quantum","potentialAction":[{"@type":"SearchAction","target":{"@type":"EntryPoint","urlTemplate":"https:\/\/quantum2025.org\/?s={search_term_string}"},"query-input":{"@type":"PropertyValueSpecification","valueRequired":true,"valueName":"search_term_string"}}],"inLanguage":"fr-FR"}]}</script>
<!-- / Yoast SEO plugin. -->

Lecture de "The Trial of the Photon" écrit par le professeur Sin-Itiro Tomonaga - IYQ 2025

Le professeur Sin-Itiro Tomonaga, lauréat du prix Nobel de physique et professeur émérite à l&rsquo;université d&rsquo;éducation de Tokyo, prédécesseur de l&rsquo;université de Tsukuba, a écrit un court drame judiciaire intitulé « Le procès du photon ». Le personnage principal est « Mitsuko Namino (波乃光子) », ce qui se traduit directement par « l&rsquo;onde est un photon ». Elle affirme : « Je [&hellip;]
