{"id":2463,"date":"2025-01-13T21:36:40","date_gmt":"2025-01-13T21:36:40","guid":{"rendered":"https:\/\/quantum2025.org\/iyq-event\/el-universo-cuantico-del-laboratorio-a-la-vida-cotidiana-por-sergio-g-garay-autor-del-libro-intrinseca-mente-humana-son-tiempos-de-la-inteligencia-artificial\/"},"modified":"2025-01-21T15:42:49","modified_gmt":"2025-01-21T15:42:49","slug":"el-universo-cuantico-del-laboratorio-a-la-vida-cotidiana-por-sergio-g-garay-autor-del-libro-intrinseca-mente-humana-son-tiempos-de-la-inteligencia-artificial","status":"publish","type":"iyq-event","link":"https:\/\/quantum2025.org\/fr\/iyq-event\/el-universo-cuantico-del-laboratorio-a-la-vida-cotidiana-por-sergio-g-garay-autor-del-libro-intrinseca-mente-humana-son-tiempos-de-la-inteligencia-artificial\/","title":{"rendered":"\u00ab\u00a0El universo cu\u00e1ntico : del laboratorio a la vida cotidiana\u00a0\u00bb por Sergio G. Garay Autor del libro \u00ab\u00a0Intr\u00ednseca MENTE HUMANA : SON TIEMPOS DE LA INTELIGENCIA ARTIFICIAL\u00a0\u00bb"},"content":{"rendered":"\n<p>\u00ab\u00a0El universo cu\u00e1ntico : del laboratorio a la vida cotidiana\u00a0\u00bb est une conf\u00e9rence con\u00e7ue pour explorer comment les progr\u00e8s de la science quantique commencent \u00e0 transformer notre vie quotidienne.  <br\/><br\/>Gr\u00e2ce \u00e0 une s\u00e9rie de th\u00e8mes allant des fondements de la m\u00e9canique m\u00e9dicale \u00e0 ses applications les plus innovantes, la conf\u00e9rence offre une vision accessible et fascinante du monde de la m\u00e9canique m\u00e9dicale.  <br\/><br\/>Cette conf\u00e9rence est id\u00e9ale tant pour ceux qui souhaitent comprendre les concepts culturels de base que pour ceux qui souhaitent conna\u00eetre leur impact pratique dans le monde moderne.<\/p>\n","protected":false},"featured_media":0,"template":"","keywords":[],"class_list":["post-2463","iyq-event","type-iyq-event","status-publish","hentry"],"acf":[],"yoast_head":"<!-- This site is optimized with the Yoast SEO plugin v27.4 - https:\/\/yoast.com\/product\/yoast-seo-wordpress\/ -->\n<title>&quot;El universo cu\u00e1ntico : del laboratorio a la vida cotidiana&quot; por Sergio G. Garay Autor del libro &quot;Intr\u00ednseca MENTE HUMANA : SON TIEMPOS DE LA INTELIGENCIA ARTIFICIAL&quot; - IYQ 2025<\/title>\n<meta name=\"robots\" content=\"index, follow, max-snippet:-1, max-image-preview:large, max-video-preview:-1\" \/>\n<meta property=\"og:locale\" content=\"fr_FR\" \/>\n<meta property=\"og:type\" content=\"article\" \/>\n<meta property=\"og:title\" content=\"&quot;El universo cu\u00e1ntico : del laboratorio a la vida cotidiana&quot; por Sergio G. Garay Autor del libro &quot;Intr\u00ednseca MENTE HUMANA : SON TIEMPOS DE LA INTELIGENCIA ARTIFICIAL&quot; - IYQ 2025\" \/>\n<meta property=\"og:description\" content=\"\u00ab\u00a0El universo cu\u00e1ntico : del laboratorio a la vida cotidiana\u00a0\u00bb est une conf\u00e9rence con\u00e7ue pour explorer comment les progr\u00e8s de la science quantique commencent \u00e0 transformer notre vie quotidienne. Gr\u00e2ce \u00e0 une s\u00e9rie de th\u00e8mes allant des fondements de la m\u00e9canique m\u00e9dicale \u00e0 ses applications les plus innovantes, la conf\u00e9rence offre une vision accessible et [&hellip;]\" \/>\n<meta property=\"og:url\" content=\"https:\/\/quantum2025.org\/fr\/iyq-event\/el-universo-cuantico-del-laboratorio-a-la-vida-cotidiana-por-sergio-g-garay-autor-del-libro-intrinseca-mente-humana-son-tiempos-de-la-inteligencia-artificial\/\" \/>\n<meta property=\"og:site_name\" content=\"IYQ 2025\" \/>\n<meta property=\"article:publisher\" content=\"https:\/\/www.facebook.com\/quantumyear2025\" \/>\n<meta property=\"article:modified_time\" content=\"2025-01-21T15:42:49+00:00\" \/>\n<meta name=\"twitter:card\" content=\"summary_large_image\" \/>\n<meta name=\"twitter:site\" content=\"@QuantumYear2025\" \/>\n<meta name=\"twitter:label1\" content=\"Est. reading time\" \/>\n\t<meta name=\"twitter:data1\" content=\"1 minute\" \/>\n<script type=\"application\/ld+json\" class=\"yoast-schema-graph\">{\"@context\":\"https:\\\/\\\/schema.org\",\"@graph\":[{\"@type\":\"WebPage\",\"@id\":\"https:\\\/\\\/quantum2025.org\\\/fr\\\/iyq-event\\\/el-universo-cuantico-del-laboratorio-a-la-vida-cotidiana-por-sergio-g-garay-autor-del-libro-intrinseca-mente-humana-son-tiempos-de-la-inteligencia-artificial\\\/\",\"url\":\"https:\\\/\\\/quantum2025.org\\\/fr\\\/iyq-event\\\/el-universo-cuantico-del-laboratorio-a-la-vida-cotidiana-por-sergio-g-garay-autor-del-libro-intrinseca-mente-humana-son-tiempos-de-la-inteligencia-artificial\\\/\",\"name\":\"\\\"El universo cu\u00e1ntico : del laboratorio a la vida cotidiana\\\" por Sergio G. Garay Autor del libro \\\"Intr\u00ednseca MENTE HUMANA : SON TIEMPOS DE LA INTELIGENCIA ARTIFICIAL\\\" - IYQ 2025\",\"isPartOf\":{\"@id\":\"https:\\\/\\\/quantum2025.org\\\/#website\"},\"datePublished\":\"2025-01-13T21:36:40+00:00\",\"dateModified\":\"2025-01-21T15:42:49+00:00\",\"breadcrumb\":{\"@id\":\"https:\\\/\\\/quantum2025.org\\\/fr\\\/iyq-event\\\/el-universo-cuantico-del-laboratorio-a-la-vida-cotidiana-por-sergio-g-garay-autor-del-libro-intrinseca-mente-humana-son-tiempos-de-la-inteligencia-artificial\\\/#breadcrumb\"},\"inLanguage\":\"fr-FR\",\"potentialAction\":[{\"@type\":\"ReadAction\",\"target\":[\"https:\\\/\\\/quantum2025.org\\\/fr\\\/iyq-event\\\/el-universo-cuantico-del-laboratorio-a-la-vida-cotidiana-por-sergio-g-garay-autor-del-libro-intrinseca-mente-humana-son-tiempos-de-la-inteligencia-artificial\\\/\"]}]},{\"@type\":\"BreadcrumbList\",\"@id\":\"https:\\\/\\\/quantum2025.org\\\/fr\\\/iyq-event\\\/el-universo-cuantico-del-laboratorio-a-la-vida-cotidiana-por-sergio-g-garay-autor-del-libro-intrinseca-mente-humana-son-tiempos-de-la-inteligencia-artificial\\\/#breadcrumb\",\"itemListElement\":[{\"@type\":\"ListItem\",\"position\":1,\"name\":\"Home\",\"item\":\"https:\\\/\\\/quantum2025.org\\\/fr\\\/page-daccueil-2\\\/\"},{\"@type\":\"ListItem\",\"position\":2,\"name\":\"Events\",\"item\":\"https:\\\/\\\/quantum2025.org\\\/iyq-event\\\/\"},{\"@type\":\"ListItem\",\"position\":3,\"name\":\"\u00ab\u00a0El universo cu\u00e1ntico : del laboratorio a la vida cotidiana\u00a0\u00bb por Sergio G. Garay Autor del libro \u00ab\u00a0Intr\u00ednseca MENTE HUMANA : SON TIEMPOS DE LA INTELIGENCIA ARTIFICIAL\u00a0\u00bb\"}]},{\"@type\":\"WebSite\",\"@id\":\"https:\\\/\\\/quantum2025.org\\\/#website\",\"url\":\"https:\\\/\\\/quantum2025.org\\\/\",\"name\":\"IYQ 2025\",\"description\":\"International Year of Quantum\",\"potentialAction\":[{\"@type\":\"SearchAction\",\"target\":{\"@type\":\"EntryPoint\",\"urlTemplate\":\"https:\\\/\\\/quantum2025.org\\\/?s={search_term_string}\"},\"query-input\":{\"@type\":\"PropertyValueSpecification\",\"valueRequired\":true,\"valueName\":\"search_term_string\"}}],\"inLanguage\":\"fr-FR\"}]}<\/script>\n<!-- \/ Yoast SEO plugin. -->","yoast_head_json":{"title":"\"El universo cu\u00e1ntico : del laboratorio a la vida cotidiana\" por Sergio G. Garay Autor del libro \"Intr\u00ednseca MENTE HUMANA : SON TIEMPOS DE LA INTELIGENCIA ARTIFICIAL\" - IYQ 2025","robots":{"index":"index","follow":"follow","max-snippet":"max-snippet:-1","max-image-preview":"max-image-preview:large","max-video-preview":"max-video-preview:-1"},"og_locale":"fr_FR","og_type":"article","og_title":"\"El universo cu\u00e1ntico : del laboratorio a la vida cotidiana\" por Sergio G. Garay Autor del libro \"Intr\u00ednseca MENTE HUMANA : SON TIEMPOS DE LA INTELIGENCIA ARTIFICIAL\" - IYQ 2025","og_description":"\u00ab\u00a0El universo cu\u00e1ntico : del laboratorio a la vida cotidiana\u00a0\u00bb est une conf\u00e9rence con\u00e7ue pour explorer comment les progr\u00e8s de la science quantique commencent \u00e0 transformer notre vie quotidienne. Gr\u00e2ce \u00e0 une s\u00e9rie de th\u00e8mes allant des fondements de la m\u00e9canique m\u00e9dicale \u00e0 ses applications les plus innovantes, la conf\u00e9rence offre une vision accessible et [&hellip;]","og_url":"https:\/\/quantum2025.org\/fr\/iyq-event\/el-universo-cuantico-del-laboratorio-a-la-vida-cotidiana-por-sergio-g-garay-autor-del-libro-intrinseca-mente-humana-son-tiempos-de-la-inteligencia-artificial\/","og_site_name":"IYQ 2025","article_publisher":"https:\/\/www.facebook.com\/quantumyear2025","article_modified_time":"2025-01-21T15:42:49+00:00","twitter_card":"summary_large_image","twitter_site":"@QuantumYear2025","twitter_misc":{"Est. reading time":"1 minute"},"schema":{"@context":"https:\/\/schema.org","@graph":[{"@type":"WebPage","@id":"https:\/\/quantum2025.org\/fr\/iyq-event\/el-universo-cuantico-del-laboratorio-a-la-vida-cotidiana-por-sergio-g-garay-autor-del-libro-intrinseca-mente-humana-son-tiempos-de-la-inteligencia-artificial\/","url":"https:\/\/quantum2025.org\/fr\/iyq-event\/el-universo-cuantico-del-laboratorio-a-la-vida-cotidiana-por-sergio-g-garay-autor-del-libro-intrinseca-mente-humana-son-tiempos-de-la-inteligencia-artificial\/","name":"\"El universo cu\u00e1ntico : del laboratorio a la vida cotidiana\" por Sergio G. Garay Autor del libro \"Intr\u00ednseca MENTE HUMANA : SON TIEMPOS DE LA INTELIGENCIA ARTIFICIAL\" - IYQ 2025","isPartOf":{"@id":"https:\/\/quantum2025.org\/#website"},"datePublished":"2025-01-13T21:36:40+00:00","dateModified":"2025-01-21T15:42:49+00:00","breadcrumb":{"@id":"https:\/\/quantum2025.org\/fr\/iyq-event\/el-universo-cuantico-del-laboratorio-a-la-vida-cotidiana-por-sergio-g-garay-autor-del-libro-intrinseca-mente-humana-son-tiempos-de-la-inteligencia-artificial\/#breadcrumb"},"inLanguage":"fr-FR","potentialAction":[{"@type":"ReadAction","target":["https:\/\/quantum2025.org\/fr\/iyq-event\/el-universo-cuantico-del-laboratorio-a-la-vida-cotidiana-por-sergio-g-garay-autor-del-libro-intrinseca-mente-humana-son-tiempos-de-la-inteligencia-artificial\/"]}]},{"@type":"BreadcrumbList","@id":"https:\/\/quantum2025.org\/fr\/iyq-event\/el-universo-cuantico-del-laboratorio-a-la-vida-cotidiana-por-sergio-g-garay-autor-del-libro-intrinseca-mente-humana-son-tiempos-de-la-inteligencia-artificial\/#breadcrumb","itemListElement":[{"@type":"ListItem","position":1,"name":"Home","item":"https:\/\/quantum2025.org\/fr\/page-daccueil-2\/"},{"@type":"ListItem","position":2,"name":"Events","item":"https:\/\/quantum2025.org\/iyq-event\/"},{"@type":"ListItem","position":3,"name":"\u00ab\u00a0El universo cu\u00e1ntico : del laboratorio a la vida cotidiana\u00a0\u00bb por Sergio G. Garay Autor del libro \u00ab\u00a0Intr\u00ednseca MENTE HUMANA : SON TIEMPOS DE LA INTELIGENCIA ARTIFICIAL\u00a0\u00bb"}]},{"@type":"WebSite","@id":"https:\/\/quantum2025.org\/#website","url":"https:\/\/quantum2025.org\/","name":"IYQ 2025","description":"International Year of Quantum","potentialAction":[{"@type":"SearchAction","target":{"@type":"EntryPoint","urlTemplate":"https:\/\/quantum2025.org\/?s={search_term_string}"},"query-input":{"@type":"PropertyValueSpecification","valueRequired":true,"valueName":"search_term_string"}}],"inLanguage":"fr-FR"}]}},"_links":{"self":[{"href":"https:\/\/quantum2025.org\/fr\/wp-json\/wp\/v2\/iyq-event\/2463","targetHints":{"allow":["GET"]}}],"collection":[{"href":"https:\/\/quantum2025.org\/fr\/wp-json\/wp\/v2\/iyq-event"}],"about":[{"href":"https:\/\/quantum2025.org\/fr\/wp-json\/wp\/v2\/types\/iyq-event"}],"version-history":[{"count":0,"href":"https:\/\/quantum2025.org\/fr\/wp-json\/wp\/v2\/iyq-event\/2463\/revisions"}],"wp:attachment":[{"href":"https:\/\/quantum2025.org\/fr\/wp-json\/wp\/v2\/media?parent=2463"}],"wp:term":[{"taxonomy":"keywords","embeddable":true,"href":"https:\/\/quantum2025.org\/fr\/wp-json\/wp\/v2\/keywords?post=2463"}],"curies":[{"name":"wp","href":"https:\/\/api.w.org\/{rel}","templated":true}]}}

« El universo cuántico : del laboratorio a la vida cotidiana » por Sergio G. Garay Autor del libro « Intrínseca MENTE HUMANA : SON TIEMPOS DE LA INTELIGENCIA ARTIFICIAL »

<p>« El universo cuántico : del laboratorio a la vida cotidiana » est une conférence conçue pour explorer comment les progrès de la science quantique commencent à transformer notre vie quotidienne.  <br/><br/>Grâce à une série de thèmes allant des fondements de la mécanique médicale à ses applications les plus innovantes, la conférence offre une vision accessible et fascinante du monde de la mécanique médicale.  <br/><br/>Cette conférence est idéale tant pour ceux qui souhaitent comprendre les concepts culturels de base que pour ceux qui souhaitent connaître leur impact pratique dans le monde moderne.</p>

<!-- This site is optimized with the Yoast SEO plugin v27.4 - https://yoast.com/product/yoast-seo-wordpress/ -->
<title>&quot;El universo cuántico : del laboratorio a la vida cotidiana&quot; por Sergio G. Garay Autor del libro &quot;Intrínseca MENTE HUMANA : SON TIEMPOS DE LA INTELIGENCIA ARTIFICIAL&quot; - IYQ 2025</title>
<meta name="robots" content="index, follow, max-snippet:-1, max-image-preview:large, max-video-preview:-1" />
<meta property="og:locale" content="fr_FR" />
<meta property="og:type" content="article" />
<meta property="og:title" content="&quot;El universo cuántico : del laboratorio a la vida cotidiana&quot; por Sergio G. Garay Autor del libro &quot;Intrínseca MENTE HUMANA : SON TIEMPOS DE LA INTELIGENCIA ARTIFICIAL&quot; - IYQ 2025" />
<meta property="og:description" content="« El universo cuántico : del laboratorio a la vida cotidiana » est une conférence conçue pour explorer comment les progrès de la science quantique commencent à transformer notre vie quotidienne. Grâce à une série de thèmes allant des fondements de la mécanique médicale à ses applications les plus innovantes, la conférence offre une vision accessible et [&hellip;]" />
<meta property="og:url" content="https://quantum2025.org/fr/iyq-event/el-universo-cuantico-del-laboratorio-a-la-vida-cotidiana-por-sergio-g-garay-autor-del-libro-intrinseca-mente-humana-son-tiempos-de-la-inteligencia-artificial/" />
<meta property="og:site_name" content="IYQ 2025" />
<meta property="article:publisher" content="https://www.facebook.com/quantumyear2025" />
<meta property="article:modified_time" content="2025-01-21T15:42:49+00:00" />
<meta name="twitter:card" content="summary_large_image" />
<meta name="twitter:site" content="@QuantumYear2025" />
<meta name="twitter:label1" content="Est. reading time" />
	<meta name="twitter:data1" content="1 minute" />
<script type="application/ld+json" class="yoast-schema-graph">{"@context":"https:\/\/schema.org","@graph":[{"@type":"WebPage","@id":"https:\/\/quantum2025.org\/fr\/iyq-event\/el-universo-cuantico-del-laboratorio-a-la-vida-cotidiana-por-sergio-g-garay-autor-del-libro-intrinseca-mente-humana-son-tiempos-de-la-inteligencia-artificial\/","url":"https:\/\/quantum2025.org\/fr\/iyq-event\/el-universo-cuantico-del-laboratorio-a-la-vida-cotidiana-por-sergio-g-garay-autor-del-libro-intrinseca-mente-humana-son-tiempos-de-la-inteligencia-artificial\/","name":"\"El universo cuántico : del laboratorio a la vida cotidiana\" por Sergio G. Garay Autor del libro \"Intrínseca MENTE HUMANA : SON TIEMPOS DE LA INTELIGENCIA ARTIFICIAL\" - IYQ 2025","isPartOf":{"@id":"https:\/\/quantum2025.org\/#website"},"datePublished":"2025-01-13T21:36:40+00:00","dateModified":"2025-01-21T15:42:49+00:00","breadcrumb":{"@id":"https:\/\/quantum2025.org\/fr\/iyq-event\/el-universo-cuantico-del-laboratorio-a-la-vida-cotidiana-por-sergio-g-garay-autor-del-libro-intrinseca-mente-humana-son-tiempos-de-la-inteligencia-artificial\/#breadcrumb"},"inLanguage":"fr-FR","potentialAction":[{"@type":"ReadAction","target":["https:\/\/quantum2025.org\/fr\/iyq-event\/el-universo-cuantico-del-laboratorio-a-la-vida-cotidiana-por-sergio-g-garay-autor-del-libro-intrinseca-mente-humana-son-tiempos-de-la-inteligencia-artificial\/"]}]},{"@type":"BreadcrumbList","@id":"https:\/\/quantum2025.org\/fr\/iyq-event\/el-universo-cuantico-del-laboratorio-a-la-vida-cotidiana-por-sergio-g-garay-autor-del-libro-intrinseca-mente-humana-son-tiempos-de-la-inteligencia-artificial\/#breadcrumb","itemListElement":[{"@type":"ListItem","position":1,"name":"Home","item":"https:\/\/quantum2025.org\/fr\/page-daccueil-2\/"},{"@type":"ListItem","position":2,"name":"Events","item":"https:\/\/quantum2025.org\/iyq-event\/"},{"@type":"ListItem","position":3,"name":"« El universo cuántico : del laboratorio a la vida cotidiana » por Sergio G. Garay Autor del libro « Intrínseca MENTE HUMANA : SON TIEMPOS DE LA INTELIGENCIA ARTIFICIAL »"}]},{"@type":"WebSite","@id":"https:\/\/quantum2025.org\/#website","url":"https:\/\/quantum2025.org\/","name":"IYQ 2025","description":"International Year of Quantum","potentialAction":[{"@type":"SearchAction","target":{"@type":"EntryPoint","urlTemplate":"https:\/\/quantum2025.org\/?s={search_term_string}"},"query-input":{"@type":"PropertyValueSpecification","valueRequired":true,"valueName":"search_term_string"}}],"inLanguage":"fr-FR"}]}</script>
<!-- / Yoast SEO plugin. -->

"El universo cuántico : del laboratorio a la vida cotidiana" por Sergio G. Garay Autor del libro "Intrínseca MENTE HUMANA : SON TIEMPOS DE LA INTELIGENCIA ARTIFICIAL" - IYQ 2025

« El universo cuántico : del laboratorio a la vida cotidiana » est une conférence conçue pour explorer comment les progrès de la science quantique commencent à transformer notre vie quotidienne. Grâce à une série de thèmes allant des fondements de la mécanique médicale à ses applications les plus innovantes, la conférence offre une vision accessible et [&hellip;]
