{"id":2449,"date":"2025-01-13T21:52:52","date_gmt":"2025-01-13T21:52:52","guid":{"rendered":"https:\/\/quantum2025.org\/iyq-event\/au-dela-de-la-physique-quantique-les-femmes-dans-lhistoire-de-la-physique-quantique\/"},"modified":"2025-01-30T11:54:19","modified_gmt":"2025-01-30T11:54:19","slug":"au-dela-de-la-physique-quantique-les-femmes-dans-lhistoire-de-la-physique-quantique","status":"publish","type":"iyq-event","link":"https:\/\/quantum2025.org\/fr\/iyq-event\/au-dela-de-la-physique-quantique-les-femmes-dans-lhistoire-de-la-physique-quantique\/","title":{"rendered":"Au-del\u00e0 de la physique quantique : Les femmes dans l&rsquo;histoire de la physique quantique"},"content":{"rendered":"\n<p>Le surnom de \u00ab\u00a0physique des gar\u00e7ons\u00a0\u00bb (Knabenphysik) soulignait \u00e0 l&rsquo;origine la jeunesse des premiers protagonistes de la physique quantique.\nSa connotation sexuelle est longtemps rest\u00e9e incontest\u00e9e.\nCe panel met en lumi\u00e8re les contributions remarquables mais longtemps ignor\u00e9es des femmes au d\u00e9veloppement de la physique quantique.    <\/p>\n\n<p>La collaboration \u00ab\u00a0Women in the History of Quantum Physics\u00a0\u00bb (WiHQP) a \u00e9t\u00e9 cr\u00e9\u00e9e au d\u00e9but de l&rsquo;ann\u00e9e 2021, en pr\u00e9paration de l&rsquo;Ann\u00e9e internationale des sciences et technologies quantiques.\nNous sommes une \u00e9quipe internationale d&rsquo;historiens, de scientifiques, d&rsquo;\u00e9crivains et de philosophes des sciences qui s&rsquo;efforcent de reconstituer et d&rsquo;analyser la vie et la contribution de dizaines de femmes, y compris celles qui ont travaill\u00e9 pendant les premiers jours de l&rsquo;ancienne th\u00e9orie de la science quantique et celles qui ont contribu\u00e9 plus tard \u00e0 la th\u00e9orie quantique des champs.   <br\/><\/p>\n\n<p>Pour c\u00e9l\u00e9brer le centenaire de la m\u00e9canique quantique en 2025, ce panel pr\u00e9sentera un sous-ensemble de r\u00e9cits tir\u00e9s de notre anthologie \u00e0 para\u00eetre, Women in the History of Quantum Physics (Les femmes dans l&rsquo;histoire de la physique quantique) : Beyond Knabenphysik, (actuellement sous presse chez Cambridge University Press).\nNous souhaitons partager la richesse et la diversit\u00e9 de la vie scientifique issue de la recherche sur la science quantique. <\/p>\n","protected":false},"featured_media":0,"template":"","keywords":[],"class_list":["post-2449","iyq-event","type-iyq-event","status-publish","hentry"],"acf":[],"yoast_head":"<!-- This site is optimized with the Yoast SEO plugin v27.4 - https:\/\/yoast.com\/product\/yoast-seo-wordpress\/ -->\n<title>Au-del\u00e0 de la physique quantique : Les femmes dans l&#039;histoire de la physique quantique - IYQ 2025<\/title>\n<meta name=\"robots\" content=\"index, follow, max-snippet:-1, max-image-preview:large, max-video-preview:-1\" \/>\n<meta property=\"og:locale\" content=\"fr_FR\" \/>\n<meta property=\"og:type\" content=\"article\" \/>\n<meta property=\"og:title\" content=\"Au-del\u00e0 de la physique quantique : Les femmes dans l&#039;histoire de la physique quantique - IYQ 2025\" \/>\n<meta property=\"og:description\" content=\"Le surnom de \u00ab\u00a0physique des gar\u00e7ons\u00a0\u00bb (Knabenphysik) soulignait \u00e0 l&rsquo;origine la jeunesse des premiers protagonistes de la physique quantique. Sa connotation sexuelle est longtemps rest\u00e9e incontest\u00e9e. Ce panel met en lumi\u00e8re les contributions remarquables mais longtemps ignor\u00e9es des femmes au d\u00e9veloppement de la physique quantique. La collaboration \u00ab\u00a0Women in the History of Quantum Physics\u00a0\u00bb (WiHQP) [&hellip;]\" \/>\n<meta property=\"og:url\" content=\"https:\/\/quantum2025.org\/fr\/iyq-event\/au-dela-de-la-physique-quantique-les-femmes-dans-lhistoire-de-la-physique-quantique\/\" \/>\n<meta property=\"og:site_name\" content=\"IYQ 2025\" \/>\n<meta property=\"article:publisher\" content=\"https:\/\/www.facebook.com\/quantumyear2025\" \/>\n<meta property=\"article:modified_time\" content=\"2025-01-30T11:54:19+00:00\" \/>\n<meta name=\"twitter:card\" content=\"summary_large_image\" \/>\n<meta name=\"twitter:site\" content=\"@QuantumYear2025\" \/>\n<meta name=\"twitter:label1\" content=\"Est. reading time\" \/>\n\t<meta name=\"twitter:data1\" content=\"1 minute\" \/>\n<script type=\"application\/ld+json\" class=\"yoast-schema-graph\">{\"@context\":\"https:\\\/\\\/schema.org\",\"@graph\":[{\"@type\":\"WebPage\",\"@id\":\"https:\\\/\\\/quantum2025.org\\\/fr\\\/iyq-event\\\/au-dela-de-la-physique-quantique-les-femmes-dans-lhistoire-de-la-physique-quantique\\\/\",\"url\":\"https:\\\/\\\/quantum2025.org\\\/fr\\\/iyq-event\\\/au-dela-de-la-physique-quantique-les-femmes-dans-lhistoire-de-la-physique-quantique\\\/\",\"name\":\"Au-del\u00e0 de la physique quantique : Les femmes dans l'histoire de la physique quantique - IYQ 2025\",\"isPartOf\":{\"@id\":\"https:\\\/\\\/quantum2025.org\\\/#website\"},\"datePublished\":\"2025-01-13T21:52:52+00:00\",\"dateModified\":\"2025-01-30T11:54:19+00:00\",\"breadcrumb\":{\"@id\":\"https:\\\/\\\/quantum2025.org\\\/fr\\\/iyq-event\\\/au-dela-de-la-physique-quantique-les-femmes-dans-lhistoire-de-la-physique-quantique\\\/#breadcrumb\"},\"inLanguage\":\"fr-FR\",\"potentialAction\":[{\"@type\":\"ReadAction\",\"target\":[\"https:\\\/\\\/quantum2025.org\\\/fr\\\/iyq-event\\\/au-dela-de-la-physique-quantique-les-femmes-dans-lhistoire-de-la-physique-quantique\\\/\"]}]},{\"@type\":\"BreadcrumbList\",\"@id\":\"https:\\\/\\\/quantum2025.org\\\/fr\\\/iyq-event\\\/au-dela-de-la-physique-quantique-les-femmes-dans-lhistoire-de-la-physique-quantique\\\/#breadcrumb\",\"itemListElement\":[{\"@type\":\"ListItem\",\"position\":1,\"name\":\"Home\",\"item\":\"https:\\\/\\\/quantum2025.org\\\/fr\\\/page-daccueil-2\\\/\"},{\"@type\":\"ListItem\",\"position\":2,\"name\":\"Events\",\"item\":\"https:\\\/\\\/quantum2025.org\\\/iyq-event\\\/\"},{\"@type\":\"ListItem\",\"position\":3,\"name\":\"Au-del\u00e0 de la physique quantique : Les femmes dans l&#8217;histoire de la physique quantique\"}]},{\"@type\":\"WebSite\",\"@id\":\"https:\\\/\\\/quantum2025.org\\\/#website\",\"url\":\"https:\\\/\\\/quantum2025.org\\\/\",\"name\":\"IYQ 2025\",\"description\":\"International Year of Quantum\",\"potentialAction\":[{\"@type\":\"SearchAction\",\"target\":{\"@type\":\"EntryPoint\",\"urlTemplate\":\"https:\\\/\\\/quantum2025.org\\\/?s={search_term_string}\"},\"query-input\":{\"@type\":\"PropertyValueSpecification\",\"valueRequired\":true,\"valueName\":\"search_term_string\"}}],\"inLanguage\":\"fr-FR\"}]}<\/script>\n<!-- \/ Yoast SEO plugin. -->","yoast_head_json":{"title":"Au-del\u00e0 de la physique quantique : Les femmes dans l'histoire de la physique quantique - IYQ 2025","robots":{"index":"index","follow":"follow","max-snippet":"max-snippet:-1","max-image-preview":"max-image-preview:large","max-video-preview":"max-video-preview:-1"},"og_locale":"fr_FR","og_type":"article","og_title":"Au-del\u00e0 de la physique quantique : Les femmes dans l'histoire de la physique quantique - IYQ 2025","og_description":"Le surnom de \u00ab\u00a0physique des gar\u00e7ons\u00a0\u00bb (Knabenphysik) soulignait \u00e0 l&rsquo;origine la jeunesse des premiers protagonistes de la physique quantique. Sa connotation sexuelle est longtemps rest\u00e9e incontest\u00e9e. Ce panel met en lumi\u00e8re les contributions remarquables mais longtemps ignor\u00e9es des femmes au d\u00e9veloppement de la physique quantique. La collaboration \u00ab\u00a0Women in the History of Quantum Physics\u00a0\u00bb (WiHQP) [&hellip;]","og_url":"https:\/\/quantum2025.org\/fr\/iyq-event\/au-dela-de-la-physique-quantique-les-femmes-dans-lhistoire-de-la-physique-quantique\/","og_site_name":"IYQ 2025","article_publisher":"https:\/\/www.facebook.com\/quantumyear2025","article_modified_time":"2025-01-30T11:54:19+00:00","twitter_card":"summary_large_image","twitter_site":"@QuantumYear2025","twitter_misc":{"Est. reading time":"1 minute"},"schema":{"@context":"https:\/\/schema.org","@graph":[{"@type":"WebPage","@id":"https:\/\/quantum2025.org\/fr\/iyq-event\/au-dela-de-la-physique-quantique-les-femmes-dans-lhistoire-de-la-physique-quantique\/","url":"https:\/\/quantum2025.org\/fr\/iyq-event\/au-dela-de-la-physique-quantique-les-femmes-dans-lhistoire-de-la-physique-quantique\/","name":"Au-del\u00e0 de la physique quantique : Les femmes dans l'histoire de la physique quantique - IYQ 2025","isPartOf":{"@id":"https:\/\/quantum2025.org\/#website"},"datePublished":"2025-01-13T21:52:52+00:00","dateModified":"2025-01-30T11:54:19+00:00","breadcrumb":{"@id":"https:\/\/quantum2025.org\/fr\/iyq-event\/au-dela-de-la-physique-quantique-les-femmes-dans-lhistoire-de-la-physique-quantique\/#breadcrumb"},"inLanguage":"fr-FR","potentialAction":[{"@type":"ReadAction","target":["https:\/\/quantum2025.org\/fr\/iyq-event\/au-dela-de-la-physique-quantique-les-femmes-dans-lhistoire-de-la-physique-quantique\/"]}]},{"@type":"BreadcrumbList","@id":"https:\/\/quantum2025.org\/fr\/iyq-event\/au-dela-de-la-physique-quantique-les-femmes-dans-lhistoire-de-la-physique-quantique\/#breadcrumb","itemListElement":[{"@type":"ListItem","position":1,"name":"Home","item":"https:\/\/quantum2025.org\/fr\/page-daccueil-2\/"},{"@type":"ListItem","position":2,"name":"Events","item":"https:\/\/quantum2025.org\/iyq-event\/"},{"@type":"ListItem","position":3,"name":"Au-del\u00e0 de la physique quantique : Les femmes dans l&#8217;histoire de la physique quantique"}]},{"@type":"WebSite","@id":"https:\/\/quantum2025.org\/#website","url":"https:\/\/quantum2025.org\/","name":"IYQ 2025","description":"International Year of Quantum","potentialAction":[{"@type":"SearchAction","target":{"@type":"EntryPoint","urlTemplate":"https:\/\/quantum2025.org\/?s={search_term_string}"},"query-input":{"@type":"PropertyValueSpecification","valueRequired":true,"valueName":"search_term_string"}}],"inLanguage":"fr-FR"}]}},"_links":{"self":[{"href":"https:\/\/quantum2025.org\/fr\/wp-json\/wp\/v2\/iyq-event\/2449","targetHints":{"allow":["GET"]}}],"collection":[{"href":"https:\/\/quantum2025.org\/fr\/wp-json\/wp\/v2\/iyq-event"}],"about":[{"href":"https:\/\/quantum2025.org\/fr\/wp-json\/wp\/v2\/types\/iyq-event"}],"version-history":[{"count":0,"href":"https:\/\/quantum2025.org\/fr\/wp-json\/wp\/v2\/iyq-event\/2449\/revisions"}],"wp:attachment":[{"href":"https:\/\/quantum2025.org\/fr\/wp-json\/wp\/v2\/media?parent=2449"}],"wp:term":[{"taxonomy":"keywords","embeddable":true,"href":"https:\/\/quantum2025.org\/fr\/wp-json\/wp\/v2\/keywords?post=2449"}],"curies":[{"name":"wp","href":"https:\/\/api.w.org\/{rel}","templated":true}]}}

Au-delà de la physique quantique : Les femmes dans l&rsquo;histoire de la physique quantique

<p>Le surnom de « physique des garçons » (Knabenphysik) soulignait à l&rsquo;origine la jeunesse des premiers protagonistes de la physique quantique.
Sa connotation sexuelle est longtemps restée incontestée.
Ce panel met en lumière les contributions remarquables mais longtemps ignorées des femmes au développement de la physique quantique.    </p>

<p>La collaboration « Women in the History of Quantum Physics » (WiHQP) a été créée au début de l&rsquo;année 2021, en préparation de l&rsquo;Année internationale des sciences et technologies quantiques.
Nous sommes une équipe internationale d&rsquo;historiens, de scientifiques, d&rsquo;écrivains et de philosophes des sciences qui s&rsquo;efforcent de reconstituer et d&rsquo;analyser la vie et la contribution de dizaines de femmes, y compris celles qui ont travaillé pendant les premiers jours de l&rsquo;ancienne théorie de la science quantique et celles qui ont contribué plus tard à la théorie quantique des champs.   <br/></p>

<p>Pour célébrer le centenaire de la mécanique quantique en 2025, ce panel présentera un sous-ensemble de récits tirés de notre anthologie à paraître, Women in the History of Quantum Physics (Les femmes dans l&rsquo;histoire de la physique quantique) : Beyond Knabenphysik, (actuellement sous presse chez Cambridge University Press).
Nous souhaitons partager la richesse et la diversité de la vie scientifique issue de la recherche sur la science quantique. </p>

<!-- This site is optimized with the Yoast SEO plugin v27.4 - https://yoast.com/product/yoast-seo-wordpress/ -->
<title>Au-delà de la physique quantique : Les femmes dans l&#039;histoire de la physique quantique - IYQ 2025</title>
<meta name="robots" content="index, follow, max-snippet:-1, max-image-preview:large, max-video-preview:-1" />
<meta property="og:locale" content="fr_FR" />
<meta property="og:type" content="article" />
<meta property="og:title" content="Au-delà de la physique quantique : Les femmes dans l&#039;histoire de la physique quantique - IYQ 2025" />
<meta property="og:description" content="Le surnom de « physique des garçons » (Knabenphysik) soulignait à l&rsquo;origine la jeunesse des premiers protagonistes de la physique quantique. Sa connotation sexuelle est longtemps restée incontestée. Ce panel met en lumière les contributions remarquables mais longtemps ignorées des femmes au développement de la physique quantique. La collaboration « Women in the History of Quantum Physics » (WiHQP) [&hellip;]" />
<meta property="og:url" content="https://quantum2025.org/fr/iyq-event/au-dela-de-la-physique-quantique-les-femmes-dans-lhistoire-de-la-physique-quantique/" />
<meta property="og:site_name" content="IYQ 2025" />
<meta property="article:publisher" content="https://www.facebook.com/quantumyear2025" />
<meta property="article:modified_time" content="2025-01-30T11:54:19+00:00" />
<meta name="twitter:card" content="summary_large_image" />
<meta name="twitter:site" content="@QuantumYear2025" />
<meta name="twitter:label1" content="Est. reading time" />
	<meta name="twitter:data1" content="1 minute" />
<script type="application/ld+json" class="yoast-schema-graph">{"@context":"https:\/\/schema.org","@graph":[{"@type":"WebPage","@id":"https:\/\/quantum2025.org\/fr\/iyq-event\/au-dela-de-la-physique-quantique-les-femmes-dans-lhistoire-de-la-physique-quantique\/","url":"https:\/\/quantum2025.org\/fr\/iyq-event\/au-dela-de-la-physique-quantique-les-femmes-dans-lhistoire-de-la-physique-quantique\/","name":"Au-delà de la physique quantique : Les femmes dans l'histoire de la physique quantique - IYQ 2025","isPartOf":{"@id":"https:\/\/quantum2025.org\/#website"},"datePublished":"2025-01-13T21:52:52+00:00","dateModified":"2025-01-30T11:54:19+00:00","breadcrumb":{"@id":"https:\/\/quantum2025.org\/fr\/iyq-event\/au-dela-de-la-physique-quantique-les-femmes-dans-lhistoire-de-la-physique-quantique\/#breadcrumb"},"inLanguage":"fr-FR","potentialAction":[{"@type":"ReadAction","target":["https:\/\/quantum2025.org\/fr\/iyq-event\/au-dela-de-la-physique-quantique-les-femmes-dans-lhistoire-de-la-physique-quantique\/"]}]},{"@type":"BreadcrumbList","@id":"https:\/\/quantum2025.org\/fr\/iyq-event\/au-dela-de-la-physique-quantique-les-femmes-dans-lhistoire-de-la-physique-quantique\/#breadcrumb","itemListElement":[{"@type":"ListItem","position":1,"name":"Home","item":"https:\/\/quantum2025.org\/fr\/page-daccueil-2\/"},{"@type":"ListItem","position":2,"name":"Events","item":"https:\/\/quantum2025.org\/iyq-event\/"},{"@type":"ListItem","position":3,"name":"Au-delà de la physique quantique : Les femmes dans l&#8217;histoire de la physique quantique"}]},{"@type":"WebSite","@id":"https:\/\/quantum2025.org\/#website","url":"https:\/\/quantum2025.org\/","name":"IYQ 2025","description":"International Year of Quantum","potentialAction":[{"@type":"SearchAction","target":{"@type":"EntryPoint","urlTemplate":"https:\/\/quantum2025.org\/?s={search_term_string}"},"query-input":{"@type":"PropertyValueSpecification","valueRequired":true,"valueName":"search_term_string"}}],"inLanguage":"fr-FR"}]}</script>
<!-- / Yoast SEO plugin. -->

Au-delà de la physique quantique : Les femmes dans l'histoire de la physique quantique - IYQ 2025

Le surnom de « physique des garçons » (Knabenphysik) soulignait à l&rsquo;origine la jeunesse des premiers protagonistes de la physique quantique. Sa connotation sexuelle est longtemps restée incontestée. Ce panel met en lumière les contributions remarquables mais longtemps ignorées des femmes au développement de la physique quantique. La collaboration « Women in the History of Quantum Physics » (WiHQP) [&hellip;]

Au-delà de la physique quantique : Les femmes dans l&#8217;histoire de la physique quantique
