{"id":2435,"date":"2025-01-17T18:16:20","date_gmt":"2025-01-17T18:16:20","guid":{"rendered":"https:\/\/quantum2025.org\/iyq-event\/sauvegarde-des-communications-et-des-donnees-a-lere-de-linformatique-quantique\/"},"modified":"2025-01-21T15:42:43","modified_gmt":"2025-01-21T15:42:43","slug":"sauvegarde-des-communications-et-des-donnees-a-lere-de-linformatique-quantique","status":"publish","type":"iyq-event","link":"https:\/\/quantum2025.org\/fr\/iyq-event\/sauvegarde-des-communications-et-des-donnees-a-lere-de-linformatique-quantique\/","title":{"rendered":"Sauvegarde des communications et des donn\u00e9es \u00e0 l&rsquo;\u00e8re de l&rsquo;informatique quantique"},"content":{"rendered":"\n<p>Avec l&rsquo;\u00e9volution de l&rsquo;informatique quantique, les communications s\u00e9curis\u00e9es et la protection des donn\u00e9es deviennent plus critiques que jamais. Participez \u00e0 cette initiative conjointe du Beltug, de l&rsquo;EuroCC, du Quantum Circle et du VSC (Vlaams Supercomputer Centrum) afin d&rsquo;explorer les strat\u00e9gies et les technologies pour un avenir s\u00e9curis\u00e9 par l&rsquo;informatique quantique. <br\/><br\/>Bienvenue et introduction<br\/>Carl Mensch (EuroCC, VSC, Universit\u00e9 d&rsquo;Anvers), Levi Nietvelt (Beltug), Jan Sonck (Quantum Circle)<br\/><br\/>? Expos\u00e9s d&rsquo;experts<br\/>1\ufe0f\u20e3 Distribution de cl\u00e9s quantiques et cryptographie postquantique Giacomo Carrara (Universit\u00e9 de Gand, BeQCI) Cryptographie post-quantique<br\/>Giacomo Carrara (Universit\u00e9 de Gand, BeQCI)<br\/>2\ufe0f\u20e3 Standardisation de la cryptographie post-quantique<br\/>Frederic Vercauteren (COSIC (KU Leuven))<br\/>3\ufe0f\u20e3 Agilit\u00e9 cryptographique dans le secteur public<br\/>Kristof Verslype (Smals)<br\/>4\ufe0f\u20e3 Strat\u00e9gies d&rsquo;adoption de la PQC &#8211; TLS &amp; PKI<br\/>Bojan Spasic (Swift) <br\/><br\/>Discussion interactive <br\/>Mod\u00e9r\u00e9e par Joachim Vererfven (Proximus Group, Quantum Circle)<br\/>Posez vos questions, partagez vos id\u00e9es et rencontrez les meilleurs professionnels qui fa\u00e7onnent l&rsquo;avenir des communications s\u00e9curis\u00e9es !<br\/><\/p>\n\n<p>R\u00e9servez votre place d\u00e8s maintenant !<br\/>https:\/\/lnkd.in\/d7qaNNKK<\/p>\n","protected":false},"featured_media":0,"template":"","keywords":[],"class_list":["post-2435","iyq-event","type-iyq-event","status-publish","hentry"],"acf":[],"yoast_head":"<!-- This site is optimized with the Yoast SEO plugin v27.4 - https:\/\/yoast.com\/product\/yoast-seo-wordpress\/ -->\n<title>Sauvegarde des communications et des donn\u00e9es \u00e0 l&#039;\u00e8re de l&#039;informatique quantique - IYQ 2025<\/title>\n<meta name=\"robots\" content=\"index, follow, max-snippet:-1, max-image-preview:large, max-video-preview:-1\" \/>\n<meta property=\"og:locale\" content=\"fr_FR\" \/>\n<meta property=\"og:type\" content=\"article\" \/>\n<meta property=\"og:title\" content=\"Sauvegarde des communications et des donn\u00e9es \u00e0 l&#039;\u00e8re de l&#039;informatique quantique - IYQ 2025\" \/>\n<meta property=\"og:description\" content=\"Avec l&rsquo;\u00e9volution de l&rsquo;informatique quantique, les communications s\u00e9curis\u00e9es et la protection des donn\u00e9es deviennent plus critiques que jamais. Participez \u00e0 cette initiative conjointe du Beltug, de l&rsquo;EuroCC, du Quantum Circle et du VSC (Vlaams Supercomputer Centrum) afin d&rsquo;explorer les strat\u00e9gies et les technologies pour un avenir s\u00e9curis\u00e9 par l&rsquo;informatique quantique. Bienvenue et introductionCarl Mensch (EuroCC, [&hellip;]\" \/>\n<meta property=\"og:url\" content=\"https:\/\/quantum2025.org\/fr\/iyq-event\/sauvegarde-des-communications-et-des-donnees-a-lere-de-linformatique-quantique\/\" \/>\n<meta property=\"og:site_name\" content=\"IYQ 2025\" \/>\n<meta property=\"article:publisher\" content=\"https:\/\/www.facebook.com\/quantumyear2025\" \/>\n<meta property=\"article:modified_time\" content=\"2025-01-21T15:42:43+00:00\" \/>\n<meta name=\"twitter:card\" content=\"summary_large_image\" \/>\n<meta name=\"twitter:site\" content=\"@QuantumYear2025\" \/>\n<meta name=\"twitter:label1\" content=\"Est. reading time\" \/>\n\t<meta name=\"twitter:data1\" content=\"1 minute\" \/>\n<script type=\"application\/ld+json\" class=\"yoast-schema-graph\">{\"@context\":\"https:\\\/\\\/schema.org\",\"@graph\":[{\"@type\":\"WebPage\",\"@id\":\"https:\\\/\\\/quantum2025.org\\\/fr\\\/iyq-event\\\/sauvegarde-des-communications-et-des-donnees-a-lere-de-linformatique-quantique\\\/\",\"url\":\"https:\\\/\\\/quantum2025.org\\\/fr\\\/iyq-event\\\/sauvegarde-des-communications-et-des-donnees-a-lere-de-linformatique-quantique\\\/\",\"name\":\"Sauvegarde des communications et des donn\u00e9es \u00e0 l'\u00e8re de l'informatique quantique - IYQ 2025\",\"isPartOf\":{\"@id\":\"https:\\\/\\\/quantum2025.org\\\/#website\"},\"datePublished\":\"2025-01-17T18:16:20+00:00\",\"dateModified\":\"2025-01-21T15:42:43+00:00\",\"breadcrumb\":{\"@id\":\"https:\\\/\\\/quantum2025.org\\\/fr\\\/iyq-event\\\/sauvegarde-des-communications-et-des-donnees-a-lere-de-linformatique-quantique\\\/#breadcrumb\"},\"inLanguage\":\"fr-FR\",\"potentialAction\":[{\"@type\":\"ReadAction\",\"target\":[\"https:\\\/\\\/quantum2025.org\\\/fr\\\/iyq-event\\\/sauvegarde-des-communications-et-des-donnees-a-lere-de-linformatique-quantique\\\/\"]}]},{\"@type\":\"BreadcrumbList\",\"@id\":\"https:\\\/\\\/quantum2025.org\\\/fr\\\/iyq-event\\\/sauvegarde-des-communications-et-des-donnees-a-lere-de-linformatique-quantique\\\/#breadcrumb\",\"itemListElement\":[{\"@type\":\"ListItem\",\"position\":1,\"name\":\"Home\",\"item\":\"https:\\\/\\\/quantum2025.org\\\/fr\\\/page-daccueil-2\\\/\"},{\"@type\":\"ListItem\",\"position\":2,\"name\":\"Events\",\"item\":\"https:\\\/\\\/quantum2025.org\\\/iyq-event\\\/\"},{\"@type\":\"ListItem\",\"position\":3,\"name\":\"Sauvegarde des communications et des donn\u00e9es \u00e0 l&rsquo;\u00e8re de l&rsquo;informatique quantique\"}]},{\"@type\":\"WebSite\",\"@id\":\"https:\\\/\\\/quantum2025.org\\\/#website\",\"url\":\"https:\\\/\\\/quantum2025.org\\\/\",\"name\":\"IYQ 2025\",\"description\":\"International Year of Quantum\",\"potentialAction\":[{\"@type\":\"SearchAction\",\"target\":{\"@type\":\"EntryPoint\",\"urlTemplate\":\"https:\\\/\\\/quantum2025.org\\\/?s={search_term_string}\"},\"query-input\":{\"@type\":\"PropertyValueSpecification\",\"valueRequired\":true,\"valueName\":\"search_term_string\"}}],\"inLanguage\":\"fr-FR\"}]}<\/script>\n<!-- \/ Yoast SEO plugin. -->","yoast_head_json":{"title":"Sauvegarde des communications et des donn\u00e9es \u00e0 l'\u00e8re de l'informatique quantique - IYQ 2025","robots":{"index":"index","follow":"follow","max-snippet":"max-snippet:-1","max-image-preview":"max-image-preview:large","max-video-preview":"max-video-preview:-1"},"og_locale":"fr_FR","og_type":"article","og_title":"Sauvegarde des communications et des donn\u00e9es \u00e0 l'\u00e8re de l'informatique quantique - IYQ 2025","og_description":"Avec l&rsquo;\u00e9volution de l&rsquo;informatique quantique, les communications s\u00e9curis\u00e9es et la protection des donn\u00e9es deviennent plus critiques que jamais. Participez \u00e0 cette initiative conjointe du Beltug, de l&rsquo;EuroCC, du Quantum Circle et du VSC (Vlaams Supercomputer Centrum) afin d&rsquo;explorer les strat\u00e9gies et les technologies pour un avenir s\u00e9curis\u00e9 par l&rsquo;informatique quantique. Bienvenue et introductionCarl Mensch (EuroCC, [&hellip;]","og_url":"https:\/\/quantum2025.org\/fr\/iyq-event\/sauvegarde-des-communications-et-des-donnees-a-lere-de-linformatique-quantique\/","og_site_name":"IYQ 2025","article_publisher":"https:\/\/www.facebook.com\/quantumyear2025","article_modified_time":"2025-01-21T15:42:43+00:00","twitter_card":"summary_large_image","twitter_site":"@QuantumYear2025","twitter_misc":{"Est. reading time":"1 minute"},"schema":{"@context":"https:\/\/schema.org","@graph":[{"@type":"WebPage","@id":"https:\/\/quantum2025.org\/fr\/iyq-event\/sauvegarde-des-communications-et-des-donnees-a-lere-de-linformatique-quantique\/","url":"https:\/\/quantum2025.org\/fr\/iyq-event\/sauvegarde-des-communications-et-des-donnees-a-lere-de-linformatique-quantique\/","name":"Sauvegarde des communications et des donn\u00e9es \u00e0 l'\u00e8re de l'informatique quantique - IYQ 2025","isPartOf":{"@id":"https:\/\/quantum2025.org\/#website"},"datePublished":"2025-01-17T18:16:20+00:00","dateModified":"2025-01-21T15:42:43+00:00","breadcrumb":{"@id":"https:\/\/quantum2025.org\/fr\/iyq-event\/sauvegarde-des-communications-et-des-donnees-a-lere-de-linformatique-quantique\/#breadcrumb"},"inLanguage":"fr-FR","potentialAction":[{"@type":"ReadAction","target":["https:\/\/quantum2025.org\/fr\/iyq-event\/sauvegarde-des-communications-et-des-donnees-a-lere-de-linformatique-quantique\/"]}]},{"@type":"BreadcrumbList","@id":"https:\/\/quantum2025.org\/fr\/iyq-event\/sauvegarde-des-communications-et-des-donnees-a-lere-de-linformatique-quantique\/#breadcrumb","itemListElement":[{"@type":"ListItem","position":1,"name":"Home","item":"https:\/\/quantum2025.org\/fr\/page-daccueil-2\/"},{"@type":"ListItem","position":2,"name":"Events","item":"https:\/\/quantum2025.org\/iyq-event\/"},{"@type":"ListItem","position":3,"name":"Sauvegarde des communications et des donn\u00e9es \u00e0 l&rsquo;\u00e8re de l&rsquo;informatique quantique"}]},{"@type":"WebSite","@id":"https:\/\/quantum2025.org\/#website","url":"https:\/\/quantum2025.org\/","name":"IYQ 2025","description":"International Year of Quantum","potentialAction":[{"@type":"SearchAction","target":{"@type":"EntryPoint","urlTemplate":"https:\/\/quantum2025.org\/?s={search_term_string}"},"query-input":{"@type":"PropertyValueSpecification","valueRequired":true,"valueName":"search_term_string"}}],"inLanguage":"fr-FR"}]}},"_links":{"self":[{"href":"https:\/\/quantum2025.org\/fr\/wp-json\/wp\/v2\/iyq-event\/2435","targetHints":{"allow":["GET"]}}],"collection":[{"href":"https:\/\/quantum2025.org\/fr\/wp-json\/wp\/v2\/iyq-event"}],"about":[{"href":"https:\/\/quantum2025.org\/fr\/wp-json\/wp\/v2\/types\/iyq-event"}],"version-history":[{"count":0,"href":"https:\/\/quantum2025.org\/fr\/wp-json\/wp\/v2\/iyq-event\/2435\/revisions"}],"wp:attachment":[{"href":"https:\/\/quantum2025.org\/fr\/wp-json\/wp\/v2\/media?parent=2435"}],"wp:term":[{"taxonomy":"keywords","embeddable":true,"href":"https:\/\/quantum2025.org\/fr\/wp-json\/wp\/v2\/keywords?post=2435"}],"curies":[{"name":"wp","href":"https:\/\/api.w.org\/{rel}","templated":true}]}}

Sauvegarde des communications et des données à l&rsquo;ère de l&rsquo;informatique quantique

<p>Avec l&rsquo;évolution de l&rsquo;informatique quantique, les communications sécurisées et la protection des données deviennent plus critiques que jamais. Participez à cette initiative conjointe du Beltug, de l&rsquo;EuroCC, du Quantum Circle et du VSC (Vlaams Supercomputer Centrum) afin d&rsquo;explorer les stratégies et les technologies pour un avenir sécurisé par l&rsquo;informatique quantique. <br/><br/>Bienvenue et introduction<br/>Carl Mensch (EuroCC, VSC, Université d&rsquo;Anvers), Levi Nietvelt (Beltug), Jan Sonck (Quantum Circle)<br/><br/>? Exposés d&rsquo;experts<br/>1️⃣ Distribution de clés quantiques et cryptographie postquantique Giacomo Carrara (Université de Gand, BeQCI) Cryptographie post-quantique<br/>Giacomo Carrara (Université de Gand, BeQCI)<br/>2️⃣ Standardisation de la cryptographie post-quantique<br/>Frederic Vercauteren (COSIC (KU Leuven))<br/>3️⃣ Agilité cryptographique dans le secteur public<br/>Kristof Verslype (Smals)<br/>4️⃣ Stratégies d&rsquo;adoption de la PQC &#8211; TLS &amp; PKI<br/>Bojan Spasic (Swift) <br/><br/>Discussion interactive <br/>Modérée par Joachim Vererfven (Proximus Group, Quantum Circle)<br/>Posez vos questions, partagez vos idées et rencontrez les meilleurs professionnels qui façonnent l&rsquo;avenir des communications sécurisées !<br/></p>

<p>Réservez votre place dès maintenant !<br/>https://lnkd.in/d7qaNNKK</p>

<!-- This site is optimized with the Yoast SEO plugin v27.4 - https://yoast.com/product/yoast-seo-wordpress/ -->
<title>Sauvegarde des communications et des données à l&#039;ère de l&#039;informatique quantique - IYQ 2025</title>
<meta name="robots" content="index, follow, max-snippet:-1, max-image-preview:large, max-video-preview:-1" />
<meta property="og:locale" content="fr_FR" />
<meta property="og:type" content="article" />
<meta property="og:title" content="Sauvegarde des communications et des données à l&#039;ère de l&#039;informatique quantique - IYQ 2025" />
<meta property="og:description" content="Avec l&rsquo;évolution de l&rsquo;informatique quantique, les communications sécurisées et la protection des données deviennent plus critiques que jamais. Participez à cette initiative conjointe du Beltug, de l&rsquo;EuroCC, du Quantum Circle et du VSC (Vlaams Supercomputer Centrum) afin d&rsquo;explorer les stratégies et les technologies pour un avenir sécurisé par l&rsquo;informatique quantique. Bienvenue et introductionCarl Mensch (EuroCC, [&hellip;]" />
<meta property="og:url" content="https://quantum2025.org/fr/iyq-event/sauvegarde-des-communications-et-des-donnees-a-lere-de-linformatique-quantique/" />
<meta property="og:site_name" content="IYQ 2025" />
<meta property="article:publisher" content="https://www.facebook.com/quantumyear2025" />
<meta property="article:modified_time" content="2025-01-21T15:42:43+00:00" />
<meta name="twitter:card" content="summary_large_image" />
<meta name="twitter:site" content="@QuantumYear2025" />
<meta name="twitter:label1" content="Est. reading time" />
	<meta name="twitter:data1" content="1 minute" />
<script type="application/ld+json" class="yoast-schema-graph">{"@context":"https:\/\/schema.org","@graph":[{"@type":"WebPage","@id":"https:\/\/quantum2025.org\/fr\/iyq-event\/sauvegarde-des-communications-et-des-donnees-a-lere-de-linformatique-quantique\/","url":"https:\/\/quantum2025.org\/fr\/iyq-event\/sauvegarde-des-communications-et-des-donnees-a-lere-de-linformatique-quantique\/","name":"Sauvegarde des communications et des données à l'ère de l'informatique quantique - IYQ 2025","isPartOf":{"@id":"https:\/\/quantum2025.org\/#website"},"datePublished":"2025-01-17T18:16:20+00:00","dateModified":"2025-01-21T15:42:43+00:00","breadcrumb":{"@id":"https:\/\/quantum2025.org\/fr\/iyq-event\/sauvegarde-des-communications-et-des-donnees-a-lere-de-linformatique-quantique\/#breadcrumb"},"inLanguage":"fr-FR","potentialAction":[{"@type":"ReadAction","target":["https:\/\/quantum2025.org\/fr\/iyq-event\/sauvegarde-des-communications-et-des-donnees-a-lere-de-linformatique-quantique\/"]}]},{"@type":"BreadcrumbList","@id":"https:\/\/quantum2025.org\/fr\/iyq-event\/sauvegarde-des-communications-et-des-donnees-a-lere-de-linformatique-quantique\/#breadcrumb","itemListElement":[{"@type":"ListItem","position":1,"name":"Home","item":"https:\/\/quantum2025.org\/fr\/page-daccueil-2\/"},{"@type":"ListItem","position":2,"name":"Events","item":"https:\/\/quantum2025.org\/iyq-event\/"},{"@type":"ListItem","position":3,"name":"Sauvegarde des communications et des données à l&rsquo;ère de l&rsquo;informatique quantique"}]},{"@type":"WebSite","@id":"https:\/\/quantum2025.org\/#website","url":"https:\/\/quantum2025.org\/","name":"IYQ 2025","description":"International Year of Quantum","potentialAction":[{"@type":"SearchAction","target":{"@type":"EntryPoint","urlTemplate":"https:\/\/quantum2025.org\/?s={search_term_string}"},"query-input":{"@type":"PropertyValueSpecification","valueRequired":true,"valueName":"search_term_string"}}],"inLanguage":"fr-FR"}]}</script>
<!-- / Yoast SEO plugin. -->

Sauvegarde des communications et des données à l'ère de l'informatique quantique - IYQ 2025

Avec l&rsquo;évolution de l&rsquo;informatique quantique, les communications sécurisées et la protection des données deviennent plus critiques que jamais. Participez à cette initiative conjointe du Beltug, de l&rsquo;EuroCC, du Quantum Circle et du VSC (Vlaams Supercomputer Centrum) afin d&rsquo;explorer les stratégies et les technologies pour un avenir sécurisé par l&rsquo;informatique quantique. Bienvenue et introductionCarl Mensch (EuroCC, [&hellip;]
