{"id":6739,"date":"2025-02-17T09:03:40","date_gmt":"2025-02-17T09:03:40","guid":{"rendered":"https:\/\/quantum2025.org\/iyq-event\/como-la-cuantica-ha-cambiado-nuestras-vidas-2\/"},"modified":"2025-05-16T10:16:16","modified_gmt":"2025-05-16T10:16:16","slug":"como-la-cuantica-ha-cambiado-nuestras-vidas-2","status":"publish","type":"iyq-event","link":"https:\/\/quantum2025.org\/es\/iyq-event\/como-la-cuantica-ha-cambiado-nuestras-vidas-2\/","title":{"rendered":"C\u00f3mo la Cu\u00e1ntica ha Cambiado Nuestras Vidas"},"content":{"rendered":"\n<p>\u00a1Prep\u00e1rate para un viaje al mundo cu\u00e1ntico! Descubre c\u00f3mo esta ciencia ha transformado nuestras vidas.<br\/>Participan: Luis A. Orozco y Alfredo S\u00e1nchez. Presenta: Gerardo Ascencio.  <\/p>\n\n<figure class=\"wp-block-image size-large\"><img fetchpriority=\"high\" decoding=\"async\" width=\"819\" height=\"1024\" src=\"https:\/\/quantum2025.org\/wp-content\/uploads\/2025\/02\/67b29b139e83f-819x1024.jpg\" alt=\"\" class=\"wp-image-3918\" srcset=\"https:\/\/quantum2025.org\/wp-content\/uploads\/2025\/02\/67b29b139e83f-819x1024.jpg 819w, https:\/\/quantum2025.org\/wp-content\/uploads\/2025\/02\/67b29b139e83f-240x300.jpg 240w, https:\/\/quantum2025.org\/wp-content\/uploads\/2025\/02\/67b29b139e83f-768x960.jpg 768w, https:\/\/quantum2025.org\/wp-content\/uploads\/2025\/02\/67b29b139e83f.jpg 1024w\" sizes=\"(max-width: 819px) 100vw, 819px\" \/><\/figure>\n","protected":false},"featured_media":0,"template":"","keywords":[81,79,72,64,58,55,57],"class_list":["post-6739","iyq-event","type-iyq-event","status-publish","hentry","keywords-art-and-culture","keywords-development","keywords-history","keywords-physics","keywords-quantum-information","keywords-quantum-science","keywords-quantum-technology"],"acf":[],"yoast_head":"<!-- This site is optimized with the Yoast SEO plugin v27.4 - https:\/\/yoast.com\/product\/yoast-seo-wordpress\/ -->\n<title>C\u00f3mo la Cu\u00e1ntica ha Cambiado Nuestras Vidas - IYQ 2025<\/title>\n<meta name=\"description\" content=\"\u00a1Prep\u00e1rate para un viaje al mundo cu\u00e1ntico! Descubre c\u00f3mo esta ciencia ha transformado nuestras vidas.Participan: Luis A. Orozco y Alfredo S\u00e1nchez. Presenta: Gerardo Ascencio.\" \/>\n<meta name=\"robots\" content=\"index, follow, max-snippet:-1, max-image-preview:large, max-video-preview:-1\" \/>\n<meta property=\"og:locale\" content=\"es_ES\" \/>\n<meta property=\"og:type\" content=\"article\" \/>\n<meta property=\"og:title\" content=\"C\u00f3mo la Cu\u00e1ntica ha Cambiado Nuestras Vidas - IYQ 2025\" \/>\n<meta property=\"og:description\" content=\"\u00a1Prep\u00e1rate para un viaje al mundo cu\u00e1ntico! Descubre c\u00f3mo esta ciencia ha transformado nuestras vidas.Participan: Luis A. Orozco y Alfredo S\u00e1nchez. Presenta: Gerardo Ascencio.\" \/>\n<meta property=\"og:url\" content=\"https:\/\/quantum2025.org\/iyq-event\/como-la-cuantica-ha-cambiado-nuestras-vidas-2\/\" \/>\n<meta property=\"og:site_name\" content=\"IYQ 2025\" \/>\n<meta property=\"article:publisher\" content=\"https:\/\/www.facebook.com\/quantumyear2025\" \/>\n<meta property=\"article:modified_time\" content=\"2025-05-16T10:16:16+00:00\" \/>\n<meta property=\"og:image\" content=\"https:\/\/quantum2025.org\/wp-content\/uploads\/2025\/02\/67b29b139e83f.jpg\" \/>\n\t<meta property=\"og:image:width\" content=\"1024\" \/>\n\t<meta property=\"og:image:height\" content=\"1280\" \/>\n\t<meta property=\"og:image:type\" content=\"image\/jpeg\" \/>\n<meta name=\"twitter:card\" content=\"summary_large_image\" \/>\n<meta name=\"twitter:site\" content=\"@QuantumYear2025\" \/>\n<script type=\"application\/ld+json\" class=\"yoast-schema-graph\">{\"@context\":\"https:\\\/\\\/schema.org\",\"@graph\":[{\"@type\":\"WebPage\",\"@id\":\"https:\\\/\\\/quantum2025.org\\\/iyq-event\\\/como-la-cuantica-ha-cambiado-nuestras-vidas-2\\\/\",\"url\":\"https:\\\/\\\/quantum2025.org\\\/iyq-event\\\/como-la-cuantica-ha-cambiado-nuestras-vidas-2\\\/\",\"name\":\"C\u00f3mo la Cu\u00e1ntica ha Cambiado Nuestras Vidas - IYQ 2025\",\"isPartOf\":{\"@id\":\"https:\\\/\\\/quantum2025.org\\\/#website\"},\"primaryImageOfPage\":{\"@id\":\"https:\\\/\\\/quantum2025.org\\\/iyq-event\\\/como-la-cuantica-ha-cambiado-nuestras-vidas-2\\\/#primaryimage\"},\"image\":{\"@id\":\"https:\\\/\\\/quantum2025.org\\\/iyq-event\\\/como-la-cuantica-ha-cambiado-nuestras-vidas-2\\\/#primaryimage\"},\"thumbnailUrl\":\"https:\\\/\\\/quantum2025.org\\\/wp-content\\\/uploads\\\/2025\\\/02\\\/67b29b139e83f-819x1024.jpg\",\"datePublished\":\"2025-02-17T09:03:40+00:00\",\"dateModified\":\"2025-05-16T10:16:16+00:00\",\"description\":\"\u00a1Prep\u00e1rate para un viaje al mundo cu\u00e1ntico! Descubre c\u00f3mo esta ciencia ha transformado nuestras vidas.Participan: Luis A. Orozco y Alfredo S\u00e1nchez. Presenta: Gerardo Ascencio.\",\"breadcrumb\":{\"@id\":\"https:\\\/\\\/quantum2025.org\\\/iyq-event\\\/como-la-cuantica-ha-cambiado-nuestras-vidas-2\\\/#breadcrumb\"},\"inLanguage\":\"es\",\"potentialAction\":[{\"@type\":\"ReadAction\",\"target\":[\"https:\\\/\\\/quantum2025.org\\\/iyq-event\\\/como-la-cuantica-ha-cambiado-nuestras-vidas-2\\\/\"]}]},{\"@type\":\"ImageObject\",\"inLanguage\":\"es\",\"@id\":\"https:\\\/\\\/quantum2025.org\\\/iyq-event\\\/como-la-cuantica-ha-cambiado-nuestras-vidas-2\\\/#primaryimage\",\"url\":\"https:\\\/\\\/quantum2025.org\\\/wp-content\\\/uploads\\\/2025\\\/02\\\/67b29b139e83f-819x1024.jpg\",\"contentUrl\":\"https:\\\/\\\/quantum2025.org\\\/wp-content\\\/uploads\\\/2025\\\/02\\\/67b29b139e83f-819x1024.jpg\"},{\"@type\":\"BreadcrumbList\",\"@id\":\"https:\\\/\\\/quantum2025.org\\\/iyq-event\\\/como-la-cuantica-ha-cambiado-nuestras-vidas-2\\\/#breadcrumb\",\"itemListElement\":[{\"@type\":\"ListItem\",\"position\":1,\"name\":\"Home\",\"item\":\"https:\\\/\\\/quantum2025.org\\\/\"},{\"@type\":\"ListItem\",\"position\":2,\"name\":\"Events\",\"item\":\"https:\\\/\\\/quantum2025.org\\\/iyq-event\\\/\"},{\"@type\":\"ListItem\",\"position\":3,\"name\":\"C\u00f3mo la Cu\u00e1ntica ha Cambiado Nuestras Vidas\"}]},{\"@type\":\"WebSite\",\"@id\":\"https:\\\/\\\/quantum2025.org\\\/#website\",\"url\":\"https:\\\/\\\/quantum2025.org\\\/\",\"name\":\"IYQ 2025\",\"description\":\"International Year of Quantum\",\"potentialAction\":[{\"@type\":\"SearchAction\",\"target\":{\"@type\":\"EntryPoint\",\"urlTemplate\":\"https:\\\/\\\/quantum2025.org\\\/?s={search_term_string}\"},\"query-input\":{\"@type\":\"PropertyValueSpecification\",\"valueRequired\":true,\"valueName\":\"search_term_string\"}}],\"inLanguage\":\"es\"}]}<\/script>\n<!-- \/ Yoast SEO plugin. -->","yoast_head_json":{"title":"C\u00f3mo la Cu\u00e1ntica ha Cambiado Nuestras Vidas - IYQ 2025","description":"\u00a1Prep\u00e1rate para un viaje al mundo cu\u00e1ntico! Descubre c\u00f3mo esta ciencia ha transformado nuestras vidas.Participan: Luis A. Orozco y Alfredo S\u00e1nchez. Presenta: Gerardo Ascencio.","robots":{"index":"index","follow":"follow","max-snippet":"max-snippet:-1","max-image-preview":"max-image-preview:large","max-video-preview":"max-video-preview:-1"},"og_locale":"es_ES","og_type":"article","og_title":"C\u00f3mo la Cu\u00e1ntica ha Cambiado Nuestras Vidas - IYQ 2025","og_description":"\u00a1Prep\u00e1rate para un viaje al mundo cu\u00e1ntico! Descubre c\u00f3mo esta ciencia ha transformado nuestras vidas.Participan: Luis A. Orozco y Alfredo S\u00e1nchez. Presenta: Gerardo Ascencio.","og_url":"https:\/\/quantum2025.org\/iyq-event\/como-la-cuantica-ha-cambiado-nuestras-vidas-2\/","og_site_name":"IYQ 2025","article_publisher":"https:\/\/www.facebook.com\/quantumyear2025","article_modified_time":"2025-05-16T10:16:16+00:00","og_image":[{"width":1024,"height":1280,"url":"https:\/\/quantum2025.org\/wp-content\/uploads\/2025\/02\/67b29b139e83f.jpg","type":"image\/jpeg"}],"twitter_card":"summary_large_image","twitter_site":"@QuantumYear2025","schema":{"@context":"https:\/\/schema.org","@graph":[{"@type":"WebPage","@id":"https:\/\/quantum2025.org\/iyq-event\/como-la-cuantica-ha-cambiado-nuestras-vidas-2\/","url":"https:\/\/quantum2025.org\/iyq-event\/como-la-cuantica-ha-cambiado-nuestras-vidas-2\/","name":"C\u00f3mo la Cu\u00e1ntica ha Cambiado Nuestras Vidas - IYQ 2025","isPartOf":{"@id":"https:\/\/quantum2025.org\/#website"},"primaryImageOfPage":{"@id":"https:\/\/quantum2025.org\/iyq-event\/como-la-cuantica-ha-cambiado-nuestras-vidas-2\/#primaryimage"},"image":{"@id":"https:\/\/quantum2025.org\/iyq-event\/como-la-cuantica-ha-cambiado-nuestras-vidas-2\/#primaryimage"},"thumbnailUrl":"https:\/\/quantum2025.org\/wp-content\/uploads\/2025\/02\/67b29b139e83f-819x1024.jpg","datePublished":"2025-02-17T09:03:40+00:00","dateModified":"2025-05-16T10:16:16+00:00","description":"\u00a1Prep\u00e1rate para un viaje al mundo cu\u00e1ntico! Descubre c\u00f3mo esta ciencia ha transformado nuestras vidas.Participan: Luis A. Orozco y Alfredo S\u00e1nchez. Presenta: Gerardo Ascencio.","breadcrumb":{"@id":"https:\/\/quantum2025.org\/iyq-event\/como-la-cuantica-ha-cambiado-nuestras-vidas-2\/#breadcrumb"},"inLanguage":"es","potentialAction":[{"@type":"ReadAction","target":["https:\/\/quantum2025.org\/iyq-event\/como-la-cuantica-ha-cambiado-nuestras-vidas-2\/"]}]},{"@type":"ImageObject","inLanguage":"es","@id":"https:\/\/quantum2025.org\/iyq-event\/como-la-cuantica-ha-cambiado-nuestras-vidas-2\/#primaryimage","url":"https:\/\/quantum2025.org\/wp-content\/uploads\/2025\/02\/67b29b139e83f-819x1024.jpg","contentUrl":"https:\/\/quantum2025.org\/wp-content\/uploads\/2025\/02\/67b29b139e83f-819x1024.jpg"},{"@type":"BreadcrumbList","@id":"https:\/\/quantum2025.org\/iyq-event\/como-la-cuantica-ha-cambiado-nuestras-vidas-2\/#breadcrumb","itemListElement":[{"@type":"ListItem","position":1,"name":"Home","item":"https:\/\/quantum2025.org\/"},{"@type":"ListItem","position":2,"name":"Events","item":"https:\/\/quantum2025.org\/iyq-event\/"},{"@type":"ListItem","position":3,"name":"C\u00f3mo la Cu\u00e1ntica ha Cambiado Nuestras Vidas"}]},{"@type":"WebSite","@id":"https:\/\/quantum2025.org\/#website","url":"https:\/\/quantum2025.org\/","name":"IYQ 2025","description":"International Year of Quantum","potentialAction":[{"@type":"SearchAction","target":{"@type":"EntryPoint","urlTemplate":"https:\/\/quantum2025.org\/?s={search_term_string}"},"query-input":{"@type":"PropertyValueSpecification","valueRequired":true,"valueName":"search_term_string"}}],"inLanguage":"es"}]}},"_links":{"self":[{"href":"https:\/\/quantum2025.org\/es\/wp-json\/wp\/v2\/iyq-event\/6739","targetHints":{"allow":["GET"]}}],"collection":[{"href":"https:\/\/quantum2025.org\/es\/wp-json\/wp\/v2\/iyq-event"}],"about":[{"href":"https:\/\/quantum2025.org\/es\/wp-json\/wp\/v2\/types\/iyq-event"}],"version-history":[{"count":0,"href":"https:\/\/quantum2025.org\/es\/wp-json\/wp\/v2\/iyq-event\/6739\/revisions"}],"wp:attachment":[{"href":"https:\/\/quantum2025.org\/es\/wp-json\/wp\/v2\/media?parent=6739"}],"wp:term":[{"taxonomy":"keywords","embeddable":true,"href":"https:\/\/quantum2025.org\/es\/wp-json\/wp\/v2\/keywords?post=6739"}],"curies":[{"name":"wp","href":"https:\/\/api.w.org\/{rel}","templated":true}]}}

Cómo la Cuántica ha Cambiado Nuestras Vidas

<p>¡Prepárate para un viaje al mundo cuántico! Descubre cómo esta ciencia ha transformado nuestras vidas.<br/>Participan: Luis A. Orozco y Alfredo Sánchez. Presenta: Gerardo Ascencio.  </p>

<figure class="wp-block-image size-large"><img fetchpriority="high" decoding="async" width="819" height="1024" src="https://quantum2025.org/wp-content/uploads/2025/02/67b29b139e83f-819x1024.jpg" alt="" class="wp-image-3918" srcset="https://quantum2025.org/wp-content/uploads/2025/02/67b29b139e83f-819x1024.jpg 819w, https://quantum2025.org/wp-content/uploads/2025/02/67b29b139e83f-240x300.jpg 240w, https://quantum2025.org/wp-content/uploads/2025/02/67b29b139e83f-768x960.jpg 768w, https://quantum2025.org/wp-content/uploads/2025/02/67b29b139e83f.jpg 1024w" sizes="(max-width: 819px) 100vw, 819px" /></figure>

<!-- This site is optimized with the Yoast SEO plugin v27.4 - https://yoast.com/product/yoast-seo-wordpress/ -->
<title>Cómo la Cuántica ha Cambiado Nuestras Vidas - IYQ 2025</title>
<meta name="description" content="¡Prepárate para un viaje al mundo cuántico! Descubre cómo esta ciencia ha transformado nuestras vidas.Participan: Luis A. Orozco y Alfredo Sánchez. Presenta: Gerardo Ascencio." />
<meta name="robots" content="index, follow, max-snippet:-1, max-image-preview:large, max-video-preview:-1" />
<meta property="og:locale" content="es_ES" />
<meta property="og:type" content="article" />
<meta property="og:title" content="Cómo la Cuántica ha Cambiado Nuestras Vidas - IYQ 2025" />
<meta property="og:description" content="¡Prepárate para un viaje al mundo cuántico! Descubre cómo esta ciencia ha transformado nuestras vidas.Participan: Luis A. Orozco y Alfredo Sánchez. Presenta: Gerardo Ascencio." />
<meta property="og:url" content="https://quantum2025.org/iyq-event/como-la-cuantica-ha-cambiado-nuestras-vidas-2/" />
<meta property="og:site_name" content="IYQ 2025" />
<meta property="article:publisher" content="https://www.facebook.com/quantumyear2025" />
<meta property="article:modified_time" content="2025-05-16T10:16:16+00:00" />
<meta property="og:image" content="https://quantum2025.org/wp-content/uploads/2025/02/67b29b139e83f.jpg" />
	<meta property="og:image:width" content="1024" />
	<meta property="og:image:height" content="1280" />
	<meta property="og:image:type" content="image/jpeg" />
<meta name="twitter:card" content="summary_large_image" />
<meta name="twitter:site" content="@QuantumYear2025" />
<script type="application/ld+json" class="yoast-schema-graph">{"@context":"https:\/\/schema.org","@graph":[{"@type":"WebPage","@id":"https:\/\/quantum2025.org\/iyq-event\/como-la-cuantica-ha-cambiado-nuestras-vidas-2\/","url":"https:\/\/quantum2025.org\/iyq-event\/como-la-cuantica-ha-cambiado-nuestras-vidas-2\/","name":"Cómo la Cuántica ha Cambiado Nuestras Vidas - IYQ 2025","isPartOf":{"@id":"https:\/\/quantum2025.org\/#website"},"primaryImageOfPage":{"@id":"https:\/\/quantum2025.org\/iyq-event\/como-la-cuantica-ha-cambiado-nuestras-vidas-2\/#primaryimage"},"image":{"@id":"https:\/\/quantum2025.org\/iyq-event\/como-la-cuantica-ha-cambiado-nuestras-vidas-2\/#primaryimage"},"thumbnailUrl":"https:\/\/quantum2025.org\/wp-content\/uploads\/2025\/02\/67b29b139e83f-819x1024.jpg","datePublished":"2025-02-17T09:03:40+00:00","dateModified":"2025-05-16T10:16:16+00:00","description":"¡Prepárate para un viaje al mundo cuántico! Descubre cómo esta ciencia ha transformado nuestras vidas.Participan: Luis A. Orozco y Alfredo Sánchez. Presenta: Gerardo Ascencio.","breadcrumb":{"@id":"https:\/\/quantum2025.org\/iyq-event\/como-la-cuantica-ha-cambiado-nuestras-vidas-2\/#breadcrumb"},"inLanguage":"es","potentialAction":[{"@type":"ReadAction","target":["https:\/\/quantum2025.org\/iyq-event\/como-la-cuantica-ha-cambiado-nuestras-vidas-2\/"]}]},{"@type":"ImageObject","inLanguage":"es","@id":"https:\/\/quantum2025.org\/iyq-event\/como-la-cuantica-ha-cambiado-nuestras-vidas-2\/#primaryimage","url":"https:\/\/quantum2025.org\/wp-content\/uploads\/2025\/02\/67b29b139e83f-819x1024.jpg","contentUrl":"https:\/\/quantum2025.org\/wp-content\/uploads\/2025\/02\/67b29b139e83f-819x1024.jpg"},{"@type":"BreadcrumbList","@id":"https:\/\/quantum2025.org\/iyq-event\/como-la-cuantica-ha-cambiado-nuestras-vidas-2\/#breadcrumb","itemListElement":[{"@type":"ListItem","position":1,"name":"Home","item":"https:\/\/quantum2025.org\/"},{"@type":"ListItem","position":2,"name":"Events","item":"https:\/\/quantum2025.org\/iyq-event\/"},{"@type":"ListItem","position":3,"name":"Cómo la Cuántica ha Cambiado Nuestras Vidas"}]},{"@type":"WebSite","@id":"https:\/\/quantum2025.org\/#website","url":"https:\/\/quantum2025.org\/","name":"IYQ 2025","description":"International Year of Quantum","potentialAction":[{"@type":"SearchAction","target":{"@type":"EntryPoint","urlTemplate":"https:\/\/quantum2025.org\/?s={search_term_string}"},"query-input":{"@type":"PropertyValueSpecification","valueRequired":true,"valueName":"search_term_string"}}],"inLanguage":"es"}]}</script>
<!-- / Yoast SEO plugin. -->

Cómo la Cuántica ha Cambiado Nuestras Vidas - IYQ 2025

¡Prepárate para un viaje al mundo cuántico! Descubre cómo esta ciencia ha transformado nuestras vidas.Participan: Luis A. Orozco y Alfredo Sánchez. Presenta: Gerardo Ascencio.
