{"id":6561,"date":"2025-02-12T10:35:51","date_gmt":"2025-02-12T10:35:51","guid":{"rendered":"https:\/\/quantum2025.org\/iyq-event\/por-que-es-curvo-el-espaciotiempo\/"},"modified":"2025-05-16T10:14:05","modified_gmt":"2025-05-16T10:14:05","slug":"por-que-es-curvo-el-espaciotiempo","status":"publish","type":"iyq-event","link":"https:\/\/quantum2025.org\/es\/iyq-event\/por-que-es-curvo-el-espaciotiempo\/","title":{"rendered":"\u00bfPor qu\u00e9 es curvo el espaciotiempo?"},"content":{"rendered":"\n<p>Las Naciones Unidas proclamaron 2025 A\u00f1o Internacional de la Ciencia y la Tecnolog\u00eda Cu\u00e1nticas. Para Lea Richtmann, f\u00edsica del Cl\u00faster de Excelencia QuantumFrontiers, y la artista Miriam Ebbing, se trata de una buena oportunidad para realizar un proyecto conjunto. Junto con su equipo, quieren conectar la ciencia y el arte, explorar cuestiones f\u00edsicas de una forma nueva y diferente e inspirar a la gente para que siga reflexionando sobre estos temas.  <\/p>\n\n<p>\u00bfQu\u00e9 es la cu\u00e1ntica? \u00bfC\u00f3mo funciona la gravedad? \u00bfC\u00f3mo se forman las estrellas? \u00bfQu\u00e9 es la materia oscura y por qu\u00e9 la buscamos?   <\/p>\n<div class=\"wp-block-image\">\n<figure class=\"aligncenter size-large\"><a href=\"https:\/\/quantum2025.org\/wp-content\/uploads\/2025\/02\/67ab5e9914e60.jpg\"><img fetchpriority=\"high\" decoding=\"async\" width=\"1024\" height=\"683\" src=\"https:\/\/quantum2025.org\/wp-content\/uploads\/2025\/02\/67ab5e9914e60-1024x683.jpg\" alt=\"\" class=\"wp-image-3727\" srcset=\"https:\/\/quantum2025.org\/wp-content\/uploads\/2025\/02\/67ab5e9914e60-1024x683.jpg 1024w, https:\/\/quantum2025.org\/wp-content\/uploads\/2025\/02\/67ab5e9914e60-300x200.jpg 300w, https:\/\/quantum2025.org\/wp-content\/uploads\/2025\/02\/67ab5e9914e60-768x512.jpg 768w, https:\/\/quantum2025.org\/wp-content\/uploads\/2025\/02\/67ab5e9914e60-1536x1024.jpg 1536w, https:\/\/quantum2025.org\/wp-content\/uploads\/2025\/02\/67ab5e9914e60.jpg 2048w\" sizes=\"(max-width: 1024px) 100vw, 1024px\" \/><\/a><\/figure>\n<\/div>","protected":false},"featured_media":0,"template":"","keywords":[81,63,54,64,55],"class_list":["post-6561","iyq-event","type-iyq-event","status-publish","hentry","keywords-art-and-culture","keywords-education","keywords-for-children","keywords-physics","keywords-quantum-science"],"acf":[],"yoast_head":"<!-- This site is optimized with the Yoast SEO plugin v27.4 - https:\/\/yoast.com\/product\/yoast-seo-wordpress\/ -->\n<title>\u00bfPor qu\u00e9 es curvo el espaciotiempo? - IYQ 2025<\/title>\n<meta name=\"robots\" content=\"index, follow, max-snippet:-1, max-image-preview:large, max-video-preview:-1\" \/>\n<meta property=\"og:locale\" content=\"es_ES\" \/>\n<meta property=\"og:type\" content=\"article\" \/>\n<meta property=\"og:title\" content=\"\u00bfPor qu\u00e9 es curvo el espaciotiempo? - IYQ 2025\" \/>\n<meta property=\"og:description\" content=\"Las Naciones Unidas proclamaron 2025 A\u00f1o Internacional de la Ciencia y la Tecnolog\u00eda Cu\u00e1nticas. Para Lea Richtmann, f\u00edsica del Cl\u00faster de Excelencia QuantumFrontiers, y la artista Miriam Ebbing, se trata de una buena oportunidad para realizar un proyecto conjunto. Junto con su equipo, quieren conectar la ciencia y el arte, explorar cuestiones f\u00edsicas de una [&hellip;]\" \/>\n<meta property=\"og:url\" content=\"https:\/\/quantum2025.org\/iyq-event\/por-que-es-curvo-el-espaciotiempo\/\" \/>\n<meta property=\"og:site_name\" content=\"IYQ 2025\" \/>\n<meta property=\"article:publisher\" content=\"https:\/\/www.facebook.com\/quantumyear2025\" \/>\n<meta property=\"article:modified_time\" content=\"2025-05-16T10:14:05+00:00\" \/>\n<meta property=\"og:image\" content=\"https:\/\/quantum2025.org\/wp-content\/uploads\/2025\/02\/67ab5e9914e60.jpg\" \/>\n\t<meta property=\"og:image:width\" content=\"2048\" \/>\n\t<meta property=\"og:image:height\" content=\"1365\" \/>\n\t<meta property=\"og:image:type\" content=\"image\/jpeg\" \/>\n<meta name=\"twitter:card\" content=\"summary_large_image\" \/>\n<meta name=\"twitter:site\" content=\"@QuantumYear2025\" \/>\n<meta name=\"twitter:label1\" content=\"Est. reading time\" \/>\n\t<meta name=\"twitter:data1\" content=\"1 minuto\" \/>\n<script type=\"application\/ld+json\" class=\"yoast-schema-graph\">{\"@context\":\"https:\\\/\\\/schema.org\",\"@graph\":[{\"@type\":\"WebPage\",\"@id\":\"https:\\\/\\\/quantum2025.org\\\/iyq-event\\\/por-que-es-curvo-el-espaciotiempo\\\/\",\"url\":\"https:\\\/\\\/quantum2025.org\\\/iyq-event\\\/por-que-es-curvo-el-espaciotiempo\\\/\",\"name\":\"\u00bfPor qu\u00e9 es curvo el espaciotiempo? - IYQ 2025\",\"isPartOf\":{\"@id\":\"https:\\\/\\\/quantum2025.org\\\/#website\"},\"primaryImageOfPage\":{\"@id\":\"https:\\\/\\\/quantum2025.org\\\/iyq-event\\\/por-que-es-curvo-el-espaciotiempo\\\/#primaryimage\"},\"image\":{\"@id\":\"https:\\\/\\\/quantum2025.org\\\/iyq-event\\\/por-que-es-curvo-el-espaciotiempo\\\/#primaryimage\"},\"thumbnailUrl\":\"https:\\\/\\\/quantum2025.org\\\/wp-content\\\/uploads\\\/2025\\\/02\\\/67ab5e9914e60-1024x683.jpg\",\"datePublished\":\"2025-02-12T10:35:51+00:00\",\"dateModified\":\"2025-05-16T10:14:05+00:00\",\"breadcrumb\":{\"@id\":\"https:\\\/\\\/quantum2025.org\\\/iyq-event\\\/por-que-es-curvo-el-espaciotiempo\\\/#breadcrumb\"},\"inLanguage\":\"es\",\"potentialAction\":[{\"@type\":\"ReadAction\",\"target\":[\"https:\\\/\\\/quantum2025.org\\\/iyq-event\\\/por-que-es-curvo-el-espaciotiempo\\\/\"]}]},{\"@type\":\"ImageObject\",\"inLanguage\":\"es\",\"@id\":\"https:\\\/\\\/quantum2025.org\\\/iyq-event\\\/por-que-es-curvo-el-espaciotiempo\\\/#primaryimage\",\"url\":\"https:\\\/\\\/quantum2025.org\\\/wp-content\\\/uploads\\\/2025\\\/02\\\/67ab5e9914e60-1024x683.jpg\",\"contentUrl\":\"https:\\\/\\\/quantum2025.org\\\/wp-content\\\/uploads\\\/2025\\\/02\\\/67ab5e9914e60-1024x683.jpg\"},{\"@type\":\"BreadcrumbList\",\"@id\":\"https:\\\/\\\/quantum2025.org\\\/iyq-event\\\/por-que-es-curvo-el-espaciotiempo\\\/#breadcrumb\",\"itemListElement\":[{\"@type\":\"ListItem\",\"position\":1,\"name\":\"Home\",\"item\":\"https:\\\/\\\/quantum2025.org\\\/\"},{\"@type\":\"ListItem\",\"position\":2,\"name\":\"Events\",\"item\":\"https:\\\/\\\/quantum2025.org\\\/iyq-event\\\/\"},{\"@type\":\"ListItem\",\"position\":3,\"name\":\"\u00bfPor qu\u00e9 es curvo el espaciotiempo?\"}]},{\"@type\":\"WebSite\",\"@id\":\"https:\\\/\\\/quantum2025.org\\\/#website\",\"url\":\"https:\\\/\\\/quantum2025.org\\\/\",\"name\":\"IYQ 2025\",\"description\":\"International Year of Quantum\",\"potentialAction\":[{\"@type\":\"SearchAction\",\"target\":{\"@type\":\"EntryPoint\",\"urlTemplate\":\"https:\\\/\\\/quantum2025.org\\\/?s={search_term_string}\"},\"query-input\":{\"@type\":\"PropertyValueSpecification\",\"valueRequired\":true,\"valueName\":\"search_term_string\"}}],\"inLanguage\":\"es\"}]}<\/script>\n<!-- \/ Yoast SEO plugin. -->","yoast_head_json":{"title":"\u00bfPor qu\u00e9 es curvo el espaciotiempo? - IYQ 2025","robots":{"index":"index","follow":"follow","max-snippet":"max-snippet:-1","max-image-preview":"max-image-preview:large","max-video-preview":"max-video-preview:-1"},"og_locale":"es_ES","og_type":"article","og_title":"\u00bfPor qu\u00e9 es curvo el espaciotiempo? - IYQ 2025","og_description":"Las Naciones Unidas proclamaron 2025 A\u00f1o Internacional de la Ciencia y la Tecnolog\u00eda Cu\u00e1nticas. Para Lea Richtmann, f\u00edsica del Cl\u00faster de Excelencia QuantumFrontiers, y la artista Miriam Ebbing, se trata de una buena oportunidad para realizar un proyecto conjunto. Junto con su equipo, quieren conectar la ciencia y el arte, explorar cuestiones f\u00edsicas de una [&hellip;]","og_url":"https:\/\/quantum2025.org\/iyq-event\/por-que-es-curvo-el-espaciotiempo\/","og_site_name":"IYQ 2025","article_publisher":"https:\/\/www.facebook.com\/quantumyear2025","article_modified_time":"2025-05-16T10:14:05+00:00","og_image":[{"width":2048,"height":1365,"url":"https:\/\/quantum2025.org\/wp-content\/uploads\/2025\/02\/67ab5e9914e60.jpg","type":"image\/jpeg"}],"twitter_card":"summary_large_image","twitter_site":"@QuantumYear2025","twitter_misc":{"Est. reading time":"1 minuto"},"schema":{"@context":"https:\/\/schema.org","@graph":[{"@type":"WebPage","@id":"https:\/\/quantum2025.org\/iyq-event\/por-que-es-curvo-el-espaciotiempo\/","url":"https:\/\/quantum2025.org\/iyq-event\/por-que-es-curvo-el-espaciotiempo\/","name":"\u00bfPor qu\u00e9 es curvo el espaciotiempo? - IYQ 2025","isPartOf":{"@id":"https:\/\/quantum2025.org\/#website"},"primaryImageOfPage":{"@id":"https:\/\/quantum2025.org\/iyq-event\/por-que-es-curvo-el-espaciotiempo\/#primaryimage"},"image":{"@id":"https:\/\/quantum2025.org\/iyq-event\/por-que-es-curvo-el-espaciotiempo\/#primaryimage"},"thumbnailUrl":"https:\/\/quantum2025.org\/wp-content\/uploads\/2025\/02\/67ab5e9914e60-1024x683.jpg","datePublished":"2025-02-12T10:35:51+00:00","dateModified":"2025-05-16T10:14:05+00:00","breadcrumb":{"@id":"https:\/\/quantum2025.org\/iyq-event\/por-que-es-curvo-el-espaciotiempo\/#breadcrumb"},"inLanguage":"es","potentialAction":[{"@type":"ReadAction","target":["https:\/\/quantum2025.org\/iyq-event\/por-que-es-curvo-el-espaciotiempo\/"]}]},{"@type":"ImageObject","inLanguage":"es","@id":"https:\/\/quantum2025.org\/iyq-event\/por-que-es-curvo-el-espaciotiempo\/#primaryimage","url":"https:\/\/quantum2025.org\/wp-content\/uploads\/2025\/02\/67ab5e9914e60-1024x683.jpg","contentUrl":"https:\/\/quantum2025.org\/wp-content\/uploads\/2025\/02\/67ab5e9914e60-1024x683.jpg"},{"@type":"BreadcrumbList","@id":"https:\/\/quantum2025.org\/iyq-event\/por-que-es-curvo-el-espaciotiempo\/#breadcrumb","itemListElement":[{"@type":"ListItem","position":1,"name":"Home","item":"https:\/\/quantum2025.org\/"},{"@type":"ListItem","position":2,"name":"Events","item":"https:\/\/quantum2025.org\/iyq-event\/"},{"@type":"ListItem","position":3,"name":"\u00bfPor qu\u00e9 es curvo el espaciotiempo?"}]},{"@type":"WebSite","@id":"https:\/\/quantum2025.org\/#website","url":"https:\/\/quantum2025.org\/","name":"IYQ 2025","description":"International Year of Quantum","potentialAction":[{"@type":"SearchAction","target":{"@type":"EntryPoint","urlTemplate":"https:\/\/quantum2025.org\/?s={search_term_string}"},"query-input":{"@type":"PropertyValueSpecification","valueRequired":true,"valueName":"search_term_string"}}],"inLanguage":"es"}]}},"_links":{"self":[{"href":"https:\/\/quantum2025.org\/es\/wp-json\/wp\/v2\/iyq-event\/6561","targetHints":{"allow":["GET"]}}],"collection":[{"href":"https:\/\/quantum2025.org\/es\/wp-json\/wp\/v2\/iyq-event"}],"about":[{"href":"https:\/\/quantum2025.org\/es\/wp-json\/wp\/v2\/types\/iyq-event"}],"version-history":[{"count":0,"href":"https:\/\/quantum2025.org\/es\/wp-json\/wp\/v2\/iyq-event\/6561\/revisions"}],"wp:attachment":[{"href":"https:\/\/quantum2025.org\/es\/wp-json\/wp\/v2\/media?parent=6561"}],"wp:term":[{"taxonomy":"keywords","embeddable":true,"href":"https:\/\/quantum2025.org\/es\/wp-json\/wp\/v2\/keywords?post=6561"}],"curies":[{"name":"wp","href":"https:\/\/api.w.org\/{rel}","templated":true}]}}

¿Por qué es curvo el espaciotiempo?

<p>Las Naciones Unidas proclamaron 2025 Año Internacional de la Ciencia y la Tecnología Cuánticas. Para Lea Richtmann, física del Clúster de Excelencia QuantumFrontiers, y la artista Miriam Ebbing, se trata de una buena oportunidad para realizar un proyecto conjunto. Junto con su equipo, quieren conectar la ciencia y el arte, explorar cuestiones físicas de una forma nueva y diferente e inspirar a la gente para que siga reflexionando sobre estos temas.  </p>

<p>¿Qué es la cuántica? ¿Cómo funciona la gravedad? ¿Cómo se forman las estrellas? ¿Qué es la materia oscura y por qué la buscamos?   </p>
<div class="wp-block-image">
<figure class="aligncenter size-large"><a href="https://quantum2025.org/wp-content/uploads/2025/02/67ab5e9914e60.jpg"><img fetchpriority="high" decoding="async" width="1024" height="683" src="https://quantum2025.org/wp-content/uploads/2025/02/67ab5e9914e60-1024x683.jpg" alt="" class="wp-image-3727" srcset="https://quantum2025.org/wp-content/uploads/2025/02/67ab5e9914e60-1024x683.jpg 1024w, https://quantum2025.org/wp-content/uploads/2025/02/67ab5e9914e60-300x200.jpg 300w, https://quantum2025.org/wp-content/uploads/2025/02/67ab5e9914e60-768x512.jpg 768w, https://quantum2025.org/wp-content/uploads/2025/02/67ab5e9914e60-1536x1024.jpg 1536w, https://quantum2025.org/wp-content/uploads/2025/02/67ab5e9914e60.jpg 2048w" sizes="(max-width: 1024px) 100vw, 1024px" /></a></figure>
</div>

<!-- This site is optimized with the Yoast SEO plugin v27.4 - https://yoast.com/product/yoast-seo-wordpress/ -->
<title>¿Por qué es curvo el espaciotiempo? - IYQ 2025</title>
<meta name="robots" content="index, follow, max-snippet:-1, max-image-preview:large, max-video-preview:-1" />
<meta property="og:locale" content="es_ES" />
<meta property="og:type" content="article" />
<meta property="og:title" content="¿Por qué es curvo el espaciotiempo? - IYQ 2025" />
<meta property="og:description" content="Las Naciones Unidas proclamaron 2025 Año Internacional de la Ciencia y la Tecnología Cuánticas. Para Lea Richtmann, física del Clúster de Excelencia QuantumFrontiers, y la artista Miriam Ebbing, se trata de una buena oportunidad para realizar un proyecto conjunto. Junto con su equipo, quieren conectar la ciencia y el arte, explorar cuestiones físicas de una [&hellip;]" />
<meta property="og:url" content="https://quantum2025.org/iyq-event/por-que-es-curvo-el-espaciotiempo/" />
<meta property="og:site_name" content="IYQ 2025" />
<meta property="article:publisher" content="https://www.facebook.com/quantumyear2025" />
<meta property="article:modified_time" content="2025-05-16T10:14:05+00:00" />
<meta property="og:image" content="https://quantum2025.org/wp-content/uploads/2025/02/67ab5e9914e60.jpg" />
	<meta property="og:image:width" content="2048" />
	<meta property="og:image:height" content="1365" />
	<meta property="og:image:type" content="image/jpeg" />
<meta name="twitter:card" content="summary_large_image" />
<meta name="twitter:site" content="@QuantumYear2025" />
<meta name="twitter:label1" content="Est. reading time" />
	<meta name="twitter:data1" content="1 minuto" />
<script type="application/ld+json" class="yoast-schema-graph">{"@context":"https:\/\/schema.org","@graph":[{"@type":"WebPage","@id":"https:\/\/quantum2025.org\/iyq-event\/por-que-es-curvo-el-espaciotiempo\/","url":"https:\/\/quantum2025.org\/iyq-event\/por-que-es-curvo-el-espaciotiempo\/","name":"¿Por qué es curvo el espaciotiempo? - IYQ 2025","isPartOf":{"@id":"https:\/\/quantum2025.org\/#website"},"primaryImageOfPage":{"@id":"https:\/\/quantum2025.org\/iyq-event\/por-que-es-curvo-el-espaciotiempo\/#primaryimage"},"image":{"@id":"https:\/\/quantum2025.org\/iyq-event\/por-que-es-curvo-el-espaciotiempo\/#primaryimage"},"thumbnailUrl":"https:\/\/quantum2025.org\/wp-content\/uploads\/2025\/02\/67ab5e9914e60-1024x683.jpg","datePublished":"2025-02-12T10:35:51+00:00","dateModified":"2025-05-16T10:14:05+00:00","breadcrumb":{"@id":"https:\/\/quantum2025.org\/iyq-event\/por-que-es-curvo-el-espaciotiempo\/#breadcrumb"},"inLanguage":"es","potentialAction":[{"@type":"ReadAction","target":["https:\/\/quantum2025.org\/iyq-event\/por-que-es-curvo-el-espaciotiempo\/"]}]},{"@type":"ImageObject","inLanguage":"es","@id":"https:\/\/quantum2025.org\/iyq-event\/por-que-es-curvo-el-espaciotiempo\/#primaryimage","url":"https:\/\/quantum2025.org\/wp-content\/uploads\/2025\/02\/67ab5e9914e60-1024x683.jpg","contentUrl":"https:\/\/quantum2025.org\/wp-content\/uploads\/2025\/02\/67ab5e9914e60-1024x683.jpg"},{"@type":"BreadcrumbList","@id":"https:\/\/quantum2025.org\/iyq-event\/por-que-es-curvo-el-espaciotiempo\/#breadcrumb","itemListElement":[{"@type":"ListItem","position":1,"name":"Home","item":"https:\/\/quantum2025.org\/"},{"@type":"ListItem","position":2,"name":"Events","item":"https:\/\/quantum2025.org\/iyq-event\/"},{"@type":"ListItem","position":3,"name":"¿Por qué es curvo el espaciotiempo?"}]},{"@type":"WebSite","@id":"https:\/\/quantum2025.org\/#website","url":"https:\/\/quantum2025.org\/","name":"IYQ 2025","description":"International Year of Quantum","potentialAction":[{"@type":"SearchAction","target":{"@type":"EntryPoint","urlTemplate":"https:\/\/quantum2025.org\/?s={search_term_string}"},"query-input":{"@type":"PropertyValueSpecification","valueRequired":true,"valueName":"search_term_string"}}],"inLanguage":"es"}]}</script>
<!-- / Yoast SEO plugin. -->

¿Por qué es curvo el espaciotiempo? - IYQ 2025

Las Naciones Unidas proclamaron 2025 Año Internacional de la Ciencia y la Tecnología Cuánticas. Para Lea Richtmann, física del Clúster de Excelencia QuantumFrontiers, y la artista Miriam Ebbing, se trata de una buena oportunidad para realizar un proyecto conjunto. Junto con su equipo, quieren conectar la ciencia y el arte, explorar cuestiones físicas de una [&hellip;]
