{"id":6544,"date":"2025-02-13T12:40:52","date_gmt":"2025-02-13T12:40:52","guid":{"rendered":"https:\/\/quantum2025.org\/iyq-event\/celebrando-el-ano-internacional-de-la-ciencia-y-la-tecnologia-cuantica-en-morelos-2\/"},"modified":"2025-05-16T10:13:57","modified_gmt":"2025-05-16T10:13:57","slug":"celebrando-el-ano-internacional-de-la-ciencia-y-la-tecnologia-cuantica-en-morelos-2","status":"publish","type":"iyq-event","link":"https:\/\/quantum2025.org\/es\/iyq-event\/celebrando-el-ano-internacional-de-la-ciencia-y-la-tecnologia-cuantica-en-morelos-2\/","title":{"rendered":"Celebrando el A\u00f1o Internacional de la Ciencia y la Tecnolog\u00eda Cu\u00e1ntica en Morelos"},"content":{"rendered":"\n<p>El Instituto de Ciencias F\u00edsicas, UNAM, M\u00e9xico, invita al p\u00fablico en general a una serie de charlas de divulgaci\u00f3n dirigidas a todo p\u00fablico sobre la relevancia de la Mec\u00e1nica Cu\u00e1ntica y su impacto en la sociedad moderna. La actividad tendr\u00e1 lugar en el Museo Universitario de Arte Ind\u00edgena Contempor\u00e1neo, Cuernavaca, M\u00e9xico. <\/p>\n\n<p><\/p>\n","protected":false},"featured_media":0,"template":"","keywords":[81,63,72,64,55,57],"class_list":["post-6544","iyq-event","type-iyq-event","status-publish","hentry","keywords-art-and-culture","keywords-education","keywords-history","keywords-physics","keywords-quantum-science","keywords-quantum-technology"],"acf":[],"yoast_head":"<!-- This site is optimized with the Yoast SEO plugin v27.4 - https:\/\/yoast.com\/product\/yoast-seo-wordpress\/ -->\n<title>Celebrando el A\u00f1o Internacional de la Ciencia y la Tecnolog\u00eda Cu\u00e1ntica en Morelos - IYQ 2025<\/title>\n<meta name=\"description\" content=\"Charlas de divulgaci\u00f3n dirigidas a todo p\u00fablico sobre la relevancia de la Mec\u00e1nica Cu\u00e1ntica y su impacto en la sociedad moderna. La actividad tendr\u00e1 lugar en el Museo Universitario de Arte Ind\u00edgena Contempor\u00e1neo, Cuernavaca, M\u00e9xico.\" \/>\n<meta name=\"robots\" content=\"index, follow, max-snippet:-1, max-image-preview:large, max-video-preview:-1\" \/>\n<meta property=\"og:locale\" content=\"es_ES\" \/>\n<meta property=\"og:type\" content=\"article\" \/>\n<meta property=\"og:title\" content=\"Celebrando el A\u00f1o Internacional de la Ciencia y la Tecnolog\u00eda Cu\u00e1ntica en Morelos - IYQ 2025\" \/>\n<meta property=\"og:description\" content=\"Charlas de divulgaci\u00f3n dirigidas a todo p\u00fablico sobre la relevancia de la Mec\u00e1nica Cu\u00e1ntica y su impacto en la sociedad moderna. La actividad tendr\u00e1 lugar en el Museo Universitario de Arte Ind\u00edgena Contempor\u00e1neo, Cuernavaca, M\u00e9xico.\" \/>\n<meta property=\"og:url\" content=\"https:\/\/quantum2025.org\/iyq-event\/celebrando-el-ano-internacional-de-la-ciencia-y-la-tecnologia-cuantica-en-morelos-2\/\" \/>\n<meta property=\"og:site_name\" content=\"IYQ 2025\" \/>\n<meta property=\"article:publisher\" content=\"https:\/\/www.facebook.com\/quantumyear2025\" \/>\n<meta property=\"article:modified_time\" content=\"2025-05-16T10:13:57+00:00\" \/>\n<meta name=\"twitter:card\" content=\"summary_large_image\" \/>\n<meta name=\"twitter:site\" content=\"@QuantumYear2025\" \/>\n<script type=\"application\/ld+json\" class=\"yoast-schema-graph\">{\"@context\":\"https:\\\/\\\/schema.org\",\"@graph\":[{\"@type\":\"WebPage\",\"@id\":\"https:\\\/\\\/quantum2025.org\\\/iyq-event\\\/celebrando-el-ano-internacional-de-la-ciencia-y-la-tecnologia-cuantica-en-morelos-2\\\/\",\"url\":\"https:\\\/\\\/quantum2025.org\\\/iyq-event\\\/celebrando-el-ano-internacional-de-la-ciencia-y-la-tecnologia-cuantica-en-morelos-2\\\/\",\"name\":\"Celebrando el A\u00f1o Internacional de la Ciencia y la Tecnolog\u00eda Cu\u00e1ntica en Morelos - IYQ 2025\",\"isPartOf\":{\"@id\":\"https:\\\/\\\/quantum2025.org\\\/#website\"},\"datePublished\":\"2025-02-13T12:40:52+00:00\",\"dateModified\":\"2025-05-16T10:13:57+00:00\",\"description\":\"Charlas de divulgaci\u00f3n dirigidas a todo p\u00fablico sobre la relevancia de la Mec\u00e1nica Cu\u00e1ntica y su impacto en la sociedad moderna. La actividad tendr\u00e1 lugar en el Museo Universitario de Arte Ind\u00edgena Contempor\u00e1neo, Cuernavaca, M\u00e9xico.\",\"breadcrumb\":{\"@id\":\"https:\\\/\\\/quantum2025.org\\\/iyq-event\\\/celebrando-el-ano-internacional-de-la-ciencia-y-la-tecnologia-cuantica-en-morelos-2\\\/#breadcrumb\"},\"inLanguage\":\"es\",\"potentialAction\":[{\"@type\":\"ReadAction\",\"target\":[\"https:\\\/\\\/quantum2025.org\\\/iyq-event\\\/celebrando-el-ano-internacional-de-la-ciencia-y-la-tecnologia-cuantica-en-morelos-2\\\/\"]}]},{\"@type\":\"BreadcrumbList\",\"@id\":\"https:\\\/\\\/quantum2025.org\\\/iyq-event\\\/celebrando-el-ano-internacional-de-la-ciencia-y-la-tecnologia-cuantica-en-morelos-2\\\/#breadcrumb\",\"itemListElement\":[{\"@type\":\"ListItem\",\"position\":1,\"name\":\"Home\",\"item\":\"https:\\\/\\\/quantum2025.org\\\/\"},{\"@type\":\"ListItem\",\"position\":2,\"name\":\"Events\",\"item\":\"https:\\\/\\\/quantum2025.org\\\/iyq-event\\\/\"},{\"@type\":\"ListItem\",\"position\":3,\"name\":\"Celebrando el A\u00f1o Internacional de la Ciencia y la Tecnolog\u00eda Cu\u00e1ntica en Morelos\"}]},{\"@type\":\"WebSite\",\"@id\":\"https:\\\/\\\/quantum2025.org\\\/#website\",\"url\":\"https:\\\/\\\/quantum2025.org\\\/\",\"name\":\"IYQ 2025\",\"description\":\"International Year of Quantum\",\"potentialAction\":[{\"@type\":\"SearchAction\",\"target\":{\"@type\":\"EntryPoint\",\"urlTemplate\":\"https:\\\/\\\/quantum2025.org\\\/?s={search_term_string}\"},\"query-input\":{\"@type\":\"PropertyValueSpecification\",\"valueRequired\":true,\"valueName\":\"search_term_string\"}}],\"inLanguage\":\"es\"}]}<\/script>\n<!-- \/ Yoast SEO plugin. -->","yoast_head_json":{"title":"Celebrando el A\u00f1o Internacional de la Ciencia y la Tecnolog\u00eda Cu\u00e1ntica en Morelos - IYQ 2025","description":"Charlas de divulgaci\u00f3n dirigidas a todo p\u00fablico sobre la relevancia de la Mec\u00e1nica Cu\u00e1ntica y su impacto en la sociedad moderna. La actividad tendr\u00e1 lugar en el Museo Universitario de Arte Ind\u00edgena Contempor\u00e1neo, Cuernavaca, M\u00e9xico.","robots":{"index":"index","follow":"follow","max-snippet":"max-snippet:-1","max-image-preview":"max-image-preview:large","max-video-preview":"max-video-preview:-1"},"og_locale":"es_ES","og_type":"article","og_title":"Celebrando el A\u00f1o Internacional de la Ciencia y la Tecnolog\u00eda Cu\u00e1ntica en Morelos - IYQ 2025","og_description":"Charlas de divulgaci\u00f3n dirigidas a todo p\u00fablico sobre la relevancia de la Mec\u00e1nica Cu\u00e1ntica y su impacto en la sociedad moderna. La actividad tendr\u00e1 lugar en el Museo Universitario de Arte Ind\u00edgena Contempor\u00e1neo, Cuernavaca, M\u00e9xico.","og_url":"https:\/\/quantum2025.org\/iyq-event\/celebrando-el-ano-internacional-de-la-ciencia-y-la-tecnologia-cuantica-en-morelos-2\/","og_site_name":"IYQ 2025","article_publisher":"https:\/\/www.facebook.com\/quantumyear2025","article_modified_time":"2025-05-16T10:13:57+00:00","twitter_card":"summary_large_image","twitter_site":"@QuantumYear2025","schema":{"@context":"https:\/\/schema.org","@graph":[{"@type":"WebPage","@id":"https:\/\/quantum2025.org\/iyq-event\/celebrando-el-ano-internacional-de-la-ciencia-y-la-tecnologia-cuantica-en-morelos-2\/","url":"https:\/\/quantum2025.org\/iyq-event\/celebrando-el-ano-internacional-de-la-ciencia-y-la-tecnologia-cuantica-en-morelos-2\/","name":"Celebrando el A\u00f1o Internacional de la Ciencia y la Tecnolog\u00eda Cu\u00e1ntica en Morelos - IYQ 2025","isPartOf":{"@id":"https:\/\/quantum2025.org\/#website"},"datePublished":"2025-02-13T12:40:52+00:00","dateModified":"2025-05-16T10:13:57+00:00","description":"Charlas de divulgaci\u00f3n dirigidas a todo p\u00fablico sobre la relevancia de la Mec\u00e1nica Cu\u00e1ntica y su impacto en la sociedad moderna. La actividad tendr\u00e1 lugar en el Museo Universitario de Arte Ind\u00edgena Contempor\u00e1neo, Cuernavaca, M\u00e9xico.","breadcrumb":{"@id":"https:\/\/quantum2025.org\/iyq-event\/celebrando-el-ano-internacional-de-la-ciencia-y-la-tecnologia-cuantica-en-morelos-2\/#breadcrumb"},"inLanguage":"es","potentialAction":[{"@type":"ReadAction","target":["https:\/\/quantum2025.org\/iyq-event\/celebrando-el-ano-internacional-de-la-ciencia-y-la-tecnologia-cuantica-en-morelos-2\/"]}]},{"@type":"BreadcrumbList","@id":"https:\/\/quantum2025.org\/iyq-event\/celebrando-el-ano-internacional-de-la-ciencia-y-la-tecnologia-cuantica-en-morelos-2\/#breadcrumb","itemListElement":[{"@type":"ListItem","position":1,"name":"Home","item":"https:\/\/quantum2025.org\/"},{"@type":"ListItem","position":2,"name":"Events","item":"https:\/\/quantum2025.org\/iyq-event\/"},{"@type":"ListItem","position":3,"name":"Celebrando el A\u00f1o Internacional de la Ciencia y la Tecnolog\u00eda Cu\u00e1ntica en Morelos"}]},{"@type":"WebSite","@id":"https:\/\/quantum2025.org\/#website","url":"https:\/\/quantum2025.org\/","name":"IYQ 2025","description":"International Year of Quantum","potentialAction":[{"@type":"SearchAction","target":{"@type":"EntryPoint","urlTemplate":"https:\/\/quantum2025.org\/?s={search_term_string}"},"query-input":{"@type":"PropertyValueSpecification","valueRequired":true,"valueName":"search_term_string"}}],"inLanguage":"es"}]}},"_links":{"self":[{"href":"https:\/\/quantum2025.org\/es\/wp-json\/wp\/v2\/iyq-event\/6544","targetHints":{"allow":["GET"]}}],"collection":[{"href":"https:\/\/quantum2025.org\/es\/wp-json\/wp\/v2\/iyq-event"}],"about":[{"href":"https:\/\/quantum2025.org\/es\/wp-json\/wp\/v2\/types\/iyq-event"}],"version-history":[{"count":0,"href":"https:\/\/quantum2025.org\/es\/wp-json\/wp\/v2\/iyq-event\/6544\/revisions"}],"wp:attachment":[{"href":"https:\/\/quantum2025.org\/es\/wp-json\/wp\/v2\/media?parent=6544"}],"wp:term":[{"taxonomy":"keywords","embeddable":true,"href":"https:\/\/quantum2025.org\/es\/wp-json\/wp\/v2\/keywords?post=6544"}],"curies":[{"name":"wp","href":"https:\/\/api.w.org\/{rel}","templated":true}]}}

Celebrando el Año Internacional de la Ciencia y la Tecnología Cuántica en Morelos

<p>El Instituto de Ciencias Físicas, UNAM, México, invita al público en general a una serie de charlas de divulgación dirigidas a todo público sobre la relevancia de la Mecánica Cuántica y su impacto en la sociedad moderna. La actividad tendrá lugar en el Museo Universitario de Arte Indígena Contemporáneo, Cuernavaca, México. </p>

<p></p>

<!-- This site is optimized with the Yoast SEO plugin v27.4 - https://yoast.com/product/yoast-seo-wordpress/ -->
<title>Celebrando el Año Internacional de la Ciencia y la Tecnología Cuántica en Morelos - IYQ 2025</title>
<meta name="description" content="Charlas de divulgación dirigidas a todo público sobre la relevancia de la Mecánica Cuántica y su impacto en la sociedad moderna. La actividad tendrá lugar en el Museo Universitario de Arte Indígena Contemporáneo, Cuernavaca, México." />
<meta name="robots" content="index, follow, max-snippet:-1, max-image-preview:large, max-video-preview:-1" />
<meta property="og:locale" content="es_ES" />
<meta property="og:type" content="article" />
<meta property="og:title" content="Celebrando el Año Internacional de la Ciencia y la Tecnología Cuántica en Morelos - IYQ 2025" />
<meta property="og:description" content="Charlas de divulgación dirigidas a todo público sobre la relevancia de la Mecánica Cuántica y su impacto en la sociedad moderna. La actividad tendrá lugar en el Museo Universitario de Arte Indígena Contemporáneo, Cuernavaca, México." />
<meta property="og:url" content="https://quantum2025.org/iyq-event/celebrando-el-ano-internacional-de-la-ciencia-y-la-tecnologia-cuantica-en-morelos-2/" />
<meta property="og:site_name" content="IYQ 2025" />
<meta property="article:publisher" content="https://www.facebook.com/quantumyear2025" />
<meta property="article:modified_time" content="2025-05-16T10:13:57+00:00" />
<meta name="twitter:card" content="summary_large_image" />
<meta name="twitter:site" content="@QuantumYear2025" />
<script type="application/ld+json" class="yoast-schema-graph">{"@context":"https:\/\/schema.org","@graph":[{"@type":"WebPage","@id":"https:\/\/quantum2025.org\/iyq-event\/celebrando-el-ano-internacional-de-la-ciencia-y-la-tecnologia-cuantica-en-morelos-2\/","url":"https:\/\/quantum2025.org\/iyq-event\/celebrando-el-ano-internacional-de-la-ciencia-y-la-tecnologia-cuantica-en-morelos-2\/","name":"Celebrando el Año Internacional de la Ciencia y la Tecnología Cuántica en Morelos - IYQ 2025","isPartOf":{"@id":"https:\/\/quantum2025.org\/#website"},"datePublished":"2025-02-13T12:40:52+00:00","dateModified":"2025-05-16T10:13:57+00:00","description":"Charlas de divulgación dirigidas a todo público sobre la relevancia de la Mecánica Cuántica y su impacto en la sociedad moderna. La actividad tendrá lugar en el Museo Universitario de Arte Indígena Contemporáneo, Cuernavaca, México.","breadcrumb":{"@id":"https:\/\/quantum2025.org\/iyq-event\/celebrando-el-ano-internacional-de-la-ciencia-y-la-tecnologia-cuantica-en-morelos-2\/#breadcrumb"},"inLanguage":"es","potentialAction":[{"@type":"ReadAction","target":["https:\/\/quantum2025.org\/iyq-event\/celebrando-el-ano-internacional-de-la-ciencia-y-la-tecnologia-cuantica-en-morelos-2\/"]}]},{"@type":"BreadcrumbList","@id":"https:\/\/quantum2025.org\/iyq-event\/celebrando-el-ano-internacional-de-la-ciencia-y-la-tecnologia-cuantica-en-morelos-2\/#breadcrumb","itemListElement":[{"@type":"ListItem","position":1,"name":"Home","item":"https:\/\/quantum2025.org\/"},{"@type":"ListItem","position":2,"name":"Events","item":"https:\/\/quantum2025.org\/iyq-event\/"},{"@type":"ListItem","position":3,"name":"Celebrando el Año Internacional de la Ciencia y la Tecnología Cuántica en Morelos"}]},{"@type":"WebSite","@id":"https:\/\/quantum2025.org\/#website","url":"https:\/\/quantum2025.org\/","name":"IYQ 2025","description":"International Year of Quantum","potentialAction":[{"@type":"SearchAction","target":{"@type":"EntryPoint","urlTemplate":"https:\/\/quantum2025.org\/?s={search_term_string}"},"query-input":{"@type":"PropertyValueSpecification","valueRequired":true,"valueName":"search_term_string"}}],"inLanguage":"es"}]}</script>
<!-- / Yoast SEO plugin. -->

Celebrando el Año Internacional de la Ciencia y la Tecnología Cuántica en Morelos - IYQ 2025

Charlas de divulgación dirigidas a todo público sobre la relevancia de la Mecánica Cuántica y su impacto en la sociedad moderna. La actividad tendrá lugar en el Museo Universitario de Arte Indígena Contemporáneo, Cuernavaca, México.
